{"id":28466,"date":"2025-11-05T11:17:38","date_gmt":"2025-11-05T11:17:38","guid":{"rendered":"https:\/\/lubeljoyeria.com\/?post_type=product&#038;p=28466"},"modified":"2025-12-31T09:14:41","modified_gmt":"2025-12-31T09:14:41","slug":"pulsera-swarovski-tennis-matrix","status":"publish","type":"product","link":"https:\/\/lubeljoyeria.com\/?product=pulsera-swarovski-tennis-matrix","title":{"rendered":"Pulsera Swarovski, Tennis Matrix"},"content":{"rendered":"<p>Esta pulsera atemporal ba\u00f1ada en rodio es un regalo ideal para los amantes de la luz. Dos delicadas hileras de circonitas est\u00e1n engastadas en un elegante dise\u00f1o cupchain, con una ca\u00edda fant\u00e1stica en la mu\u00f1eca. La pulsera se completa con un innovador cierre de bola deslizante que permite adaptar el tama\u00f1o para un ajuste perfecto. Ll\u00e9vala para aportar sofisticaci\u00f3n a tu look de d\u00eda o comb\u00ednala con estilos en contraste para realzar tu glamour por la noche.<\/p>\n<p>Tama\u00f1o:<\/p>\n<ul>\n<li>Longitud m\u00e1xima: 24 cm<\/li>\n<li>Ancho: 0.4 cm<\/li>\n<\/ul>\n<p>Material: Cristales, ba\u00f1o de rodio y circonitas<\/p>\n","protected":false},"excerpt":{"rendered":"<p>Esta pulsera atemporal ba\u00f1ada en rodio es un regalo ideal para los amantes de la luz. Dos delicadas hileras de circonitas est\u00e1n engastadas en un elegante dise\u00f1o cupchain, con una ca\u00edda fant\u00e1stica en la mu\u00f1eca. La pulsera se completa con un innovador cierre de bola deslizante que permite adaptar el tama\u00f1o para un ajuste perfecto. Ll\u00e9vala para aportar sofisticaci\u00f3n a tu look de d\u00eda o comb\u00ednala con estilos en contraste para realzar tu glamour por la noche.<\/p>\n<p>Tama\u00f1o:<\/p>\n<ul>\n<li>Longitud m\u00e1xima: 24 cm<\/li>\n<li>Ancho: 0.4 cm<\/li>\n<\/ul>\n<p>Material: Cristales, ba\u00f1o de rodio y circonitas<\/p>\n","protected":false},"featured_media":28469,"template":"","meta":{"_joinchat":[]},"product_brand":[1437],"product_cat":[1463,1464,1470,1530,1477,1522],"product_tag":[],"class_list":{"0":"post-28466","1":"product","2":"type-product","3":"status-publish","4":"has-post-thumbnail","6":"product_brand-swarovski","7":"product_cat-inicio","8":"product_cat-principal","9":"product_cat-swarovski","10":"product_cat-pulseras-swarovski","11":"product_cat-novias","12":"product_cat-pulseras-novias","13":"sales-flash-overlay","14":"woocommerce-text-align-center","15":"woocommerce-image-align-center","16":"do-quantity-buttons","17":"wc-has-gallery","19":"first","20":"outofstock","21":"taxable","22":"shipping-taxable","23":"purchasable","24":"product-type-simple"},"yoast_head":"<!-- This site is optimized with the Yoast SEO Premium plugin v22.5 (Yoast SEO v26.5) - https:\/\/yoast.com\/wordpress\/plugins\/seo\/ -->\n<title>Pulsera Swarovski, Tennis Matrix - Distribuidor Oficial Swarovski<\/title>\n<meta name=\"description\" content=\"Esta pulsera atemporal ba\u00f1ada en rodio es un regalo ideal para los amantes de la luz. Con dos hileras de circonitas y cierre ajustable de bola.\" \/>\n<meta name=\"robots\" content=\"index, follow, max-snippet:-1, max-image-preview:large, max-video-preview:-1\" \/>\n<link rel=\"canonical\" href=\"https:\/\/lubeljoyeria.com\/?product=pulsera-swarovski-tennis-matrix\" \/>\n<meta property=\"og:locale\" content=\"es_ES\" \/>\n<meta property=\"og:type\" content=\"article\" \/>\n<meta property=\"og:title\" content=\"Pulsera Swarovski, Tennis Matrix\" \/>\n<meta property=\"og:description\" content=\"Esta pulsera atemporal ba\u00f1ada en rodio es un regalo ideal para los amantes de la luz. Con dos hileras de circonitas y cierre ajustable de bola.\" \/>\n<meta property=\"og:url\" content=\"https:\/\/lubeljoyeria.com\/?product=pulsera-swarovski-tennis-matrix\" \/>\n<meta property=\"og:site_name\" content=\"Lubel joyeria. Joyeria en Plata . Distribuidor oficial de Swarovski. - Lubel\" \/>\n<meta property=\"article:modified_time\" content=\"2025-12-31T09:14:41+00:00\" \/>\n<meta property=\"og:image\" content=\"https:\/\/lubeljoyeria.com\/wp-content\/uploads\/2025\/11\/Screenshot_1-1.jpg\" \/>\n\t<meta property=\"og:image:width\" content=\"563\" \/>\n\t<meta property=\"og:image:height\" content=\"568\" \/>\n\t<meta property=\"og:image:type\" content=\"image\/jpeg\" \/>\n<meta name=\"twitter:card\" content=\"summary_large_image\" \/>\n<meta name=\"twitter:label1\" content=\"Tiempo de lectura\" \/>\n\t<meta name=\"twitter:data1\" content=\"1 minuto\" \/>\n<script type=\"application\/ld+json\" class=\"yoast-schema-graph\">{\"@context\":\"https:\/\/schema.org\",\"@graph\":[{\"@type\":\"WebPage\",\"@id\":\"https:\/\/lubeljoyeria.com\/?product=pulsera-swarovski-tennis-matrix\",\"url\":\"https:\/\/lubeljoyeria.com\/?product=pulsera-swarovski-tennis-matrix\",\"name\":\"Pulsera Swarovski, Tennis Matrix - Distribuidor Oficial Swarovski\",\"isPartOf\":{\"@id\":\"https:\/\/lubeljoyeria.com\/#website\"},\"primaryImageOfPage\":{\"@id\":\"https:\/\/lubeljoyeria.com\/?product=pulsera-swarovski-tennis-matrix#primaryimage\"},\"image\":{\"@id\":\"https:\/\/lubeljoyeria.com\/?product=pulsera-swarovski-tennis-matrix#primaryimage\"},\"thumbnailUrl\":\"https:\/\/lubeljoyeria.com\/wp-content\/uploads\/2025\/11\/Screenshot_1-1.jpg\",\"datePublished\":\"2025-11-05T11:17:38+00:00\",\"dateModified\":\"2025-12-31T09:14:41+00:00\",\"description\":\"Esta pulsera atemporal ba\u00f1ada en rodio es un regalo ideal para los amantes de la luz. Con dos hileras de circonitas y cierre ajustable de bola.\",\"breadcrumb\":{\"@id\":\"https:\/\/lubeljoyeria.com\/?product=pulsera-swarovski-tennis-matrix#breadcrumb\"},\"inLanguage\":\"es\",\"potentialAction\":[{\"@type\":\"ReadAction\",\"target\":[\"https:\/\/lubeljoyeria.com\/?product=pulsera-swarovski-tennis-matrix\"]}]},{\"@type\":\"ImageObject\",\"inLanguage\":\"es\",\"@id\":\"https:\/\/lubeljoyeria.com\/?product=pulsera-swarovski-tennis-matrix#primaryimage\",\"url\":\"https:\/\/lubeljoyeria.com\/wp-content\/uploads\/2025\/11\/Screenshot_1-1.jpg\",\"contentUrl\":\"https:\/\/lubeljoyeria.com\/wp-content\/uploads\/2025\/11\/Screenshot_1-1.jpg\",\"width\":563,\"height\":568,\"caption\":\"Esta pulsera atemporal ba\u00f1ada en rodio es un regalo ideal para los amantes de la luz. Dos delicadas hileras de circonitas est\u00e1n engastadas en un elegante dise\u00f1o cupchain, con una ca\u00edda fant\u00e1stica en la mu\u00f1eca. La pulsera se completa con un innovador cierre de bola deslizante que permite adaptar el tama\u00f1o para un ajuste perfecto. Ll\u00e9vala para aportar sofisticaci\u00f3n a tu look de d\u00eda o comb\u00ednala con estilos en contraste para realzar tu glamour por la noche. Tama\u00f1o: Longitud m\u00e1xima: 24 cm Ancho: 0.4 cm Material: Cristales, ba\u00f1o de rodio y circonitas\"},{\"@type\":\"BreadcrumbList\",\"@id\":\"https:\/\/lubeljoyeria.com\/?product=pulsera-swarovski-tennis-matrix#breadcrumb\",\"itemListElement\":[{\"@type\":\"ListItem\",\"position\":1,\"name\":\"Home\",\"item\":\"https:\/\/lubeljoyeria.com\/\"},{\"@type\":\"ListItem\",\"position\":2,\"name\":\"Tienda\",\"item\":\"https:\/\/lubeljoyeria.com\/?page_id=6\"},{\"@type\":\"ListItem\",\"position\":3,\"name\":\"Pulsera Swarovski, Tennis Matrix\"}]},{\"@type\":\"WebSite\",\"@id\":\"https:\/\/lubeljoyeria.com\/#website\",\"url\":\"https:\/\/lubeljoyeria.com\/\",\"name\":\"Lubel joyeria. Joyeria en Plata . Distribuidor oficial de Swarovski. - Lubel\",\"description\":\"Lubel joyeria. Joyeria en Plata . Distribuidor oficial de Swarovski. - Lubel\",\"publisher\":{\"@id\":\"https:\/\/lubeljoyeria.com\/#organization\"},\"potentialAction\":[{\"@type\":\"SearchAction\",\"target\":{\"@type\":\"EntryPoint\",\"urlTemplate\":\"https:\/\/lubeljoyeria.com\/?s={search_term_string}\"},\"query-input\":{\"@type\":\"PropertyValueSpecification\",\"valueRequired\":true,\"valueName\":\"search_term_string\"}}],\"inLanguage\":\"es\"},{\"@type\":\"Organization\",\"@id\":\"https:\/\/lubeljoyeria.com\/#organization\",\"name\":\"Lubel joyeria. Joyeria en Plata . Distribuidor oficial de Swarovski. - Lubel\",\"url\":\"https:\/\/lubeljoyeria.com\/\",\"logo\":{\"@type\":\"ImageObject\",\"inLanguage\":\"es\",\"@id\":\"https:\/\/lubeljoyeria.com\/#\/schema\/logo\/image\/\",\"url\":\"https:\/\/lubeljoyeria.com\/wp-content\/uploads\/2020\/10\/lubel-joyeria-logo-1543825573-1.png\",\"contentUrl\":\"https:\/\/lubeljoyeria.com\/wp-content\/uploads\/2020\/10\/lubel-joyeria-logo-1543825573-1.png\",\"width\":135,\"height\":31,\"caption\":\"Lubel joyeria. Joyeria en Plata . Distribuidor oficial de Swarovski. - Lubel\"},\"image\":{\"@id\":\"https:\/\/lubeljoyeria.com\/#\/schema\/logo\/image\/\"}}]}<\/script>\n<!-- \/ Yoast SEO Premium plugin. -->","yoast_head_json":{"title":"Pulsera Swarovski, Tennis Matrix - Distribuidor Oficial Swarovski","description":"Esta pulsera atemporal ba\u00f1ada en rodio es un regalo ideal para los amantes de la luz. Con dos hileras de circonitas y cierre ajustable de bola.","robots":{"index":"index","follow":"follow","max-snippet":"max-snippet:-1","max-image-preview":"max-image-preview:large","max-video-preview":"max-video-preview:-1"},"canonical":"https:\/\/lubeljoyeria.com\/?product=pulsera-swarovski-tennis-matrix","og_locale":"es_ES","og_type":"article","og_title":"Pulsera Swarovski, Tennis Matrix","og_description":"Esta pulsera atemporal ba\u00f1ada en rodio es un regalo ideal para los amantes de la luz. Con dos hileras de circonitas y cierre ajustable de bola.","og_url":"https:\/\/lubeljoyeria.com\/?product=pulsera-swarovski-tennis-matrix","og_site_name":"Lubel joyeria. Joyeria en Plata . Distribuidor oficial de Swarovski. - Lubel","article_modified_time":"2025-12-31T09:14:41+00:00","og_image":[{"width":563,"height":568,"url":"https:\/\/lubeljoyeria.com\/wp-content\/uploads\/2025\/11\/Screenshot_1-1.jpg","type":"image\/jpeg"}],"twitter_card":"summary_large_image","twitter_misc":{"Tiempo de lectura":"1 minuto"},"schema":{"@context":"https:\/\/schema.org","@graph":[{"@type":"WebPage","@id":"https:\/\/lubeljoyeria.com\/?product=pulsera-swarovski-tennis-matrix","url":"https:\/\/lubeljoyeria.com\/?product=pulsera-swarovski-tennis-matrix","name":"Pulsera Swarovski, Tennis Matrix - Distribuidor Oficial Swarovski","isPartOf":{"@id":"https:\/\/lubeljoyeria.com\/#website"},"primaryImageOfPage":{"@id":"https:\/\/lubeljoyeria.com\/?product=pulsera-swarovski-tennis-matrix#primaryimage"},"image":{"@id":"https:\/\/lubeljoyeria.com\/?product=pulsera-swarovski-tennis-matrix#primaryimage"},"thumbnailUrl":"https:\/\/lubeljoyeria.com\/wp-content\/uploads\/2025\/11\/Screenshot_1-1.jpg","datePublished":"2025-11-05T11:17:38+00:00","dateModified":"2025-12-31T09:14:41+00:00","description":"Esta pulsera atemporal ba\u00f1ada en rodio es un regalo ideal para los amantes de la luz. Con dos hileras de circonitas y cierre ajustable de bola.","breadcrumb":{"@id":"https:\/\/lubeljoyeria.com\/?product=pulsera-swarovski-tennis-matrix#breadcrumb"},"inLanguage":"es","potentialAction":[{"@type":"ReadAction","target":["https:\/\/lubeljoyeria.com\/?product=pulsera-swarovski-tennis-matrix"]}]},{"@type":"ImageObject","inLanguage":"es","@id":"https:\/\/lubeljoyeria.com\/?product=pulsera-swarovski-tennis-matrix#primaryimage","url":"https:\/\/lubeljoyeria.com\/wp-content\/uploads\/2025\/11\/Screenshot_1-1.jpg","contentUrl":"https:\/\/lubeljoyeria.com\/wp-content\/uploads\/2025\/11\/Screenshot_1-1.jpg","width":563,"height":568,"caption":"Esta pulsera atemporal ba\u00f1ada en rodio es un regalo ideal para los amantes de la luz. Dos delicadas hileras de circonitas est\u00e1n engastadas en un elegante dise\u00f1o cupchain, con una ca\u00edda fant\u00e1stica en la mu\u00f1eca. La pulsera se completa con un innovador cierre de bola deslizante que permite adaptar el tama\u00f1o para un ajuste perfecto. Ll\u00e9vala para aportar sofisticaci\u00f3n a tu look de d\u00eda o comb\u00ednala con estilos en contraste para realzar tu glamour por la noche. Tama\u00f1o: Longitud m\u00e1xima: 24 cm Ancho: 0.4 cm Material: Cristales, ba\u00f1o de rodio y circonitas"},{"@type":"BreadcrumbList","@id":"https:\/\/lubeljoyeria.com\/?product=pulsera-swarovski-tennis-matrix#breadcrumb","itemListElement":[{"@type":"ListItem","position":1,"name":"Home","item":"https:\/\/lubeljoyeria.com\/"},{"@type":"ListItem","position":2,"name":"Tienda","item":"https:\/\/lubeljoyeria.com\/?page_id=6"},{"@type":"ListItem","position":3,"name":"Pulsera Swarovski, Tennis Matrix"}]},{"@type":"WebSite","@id":"https:\/\/lubeljoyeria.com\/#website","url":"https:\/\/lubeljoyeria.com\/","name":"Lubel joyeria. Joyeria en Plata . Distribuidor oficial de Swarovski. - Lubel","description":"Lubel joyeria. Joyeria en Plata . Distribuidor oficial de Swarovski. - Lubel","publisher":{"@id":"https:\/\/lubeljoyeria.com\/#organization"},"potentialAction":[{"@type":"SearchAction","target":{"@type":"EntryPoint","urlTemplate":"https:\/\/lubeljoyeria.com\/?s={search_term_string}"},"query-input":{"@type":"PropertyValueSpecification","valueRequired":true,"valueName":"search_term_string"}}],"inLanguage":"es"},{"@type":"Organization","@id":"https:\/\/lubeljoyeria.com\/#organization","name":"Lubel joyeria. Joyeria en Plata . Distribuidor oficial de Swarovski. - Lubel","url":"https:\/\/lubeljoyeria.com\/","logo":{"@type":"ImageObject","inLanguage":"es","@id":"https:\/\/lubeljoyeria.com\/#\/schema\/logo\/image\/","url":"https:\/\/lubeljoyeria.com\/wp-content\/uploads\/2020\/10\/lubel-joyeria-logo-1543825573-1.png","contentUrl":"https:\/\/lubeljoyeria.com\/wp-content\/uploads\/2020\/10\/lubel-joyeria-logo-1543825573-1.png","width":135,"height":31,"caption":"Lubel joyeria. Joyeria en Plata . Distribuidor oficial de Swarovski. - Lubel"},"image":{"@id":"https:\/\/lubeljoyeria.com\/#\/schema\/logo\/image\/"}}]}},"_links":{"self":[{"href":"https:\/\/lubeljoyeria.com\/index.php?rest_route=\/wp\/v2\/product\/28466","targetHints":{"allow":["GET"]}}],"collection":[{"href":"https:\/\/lubeljoyeria.com\/index.php?rest_route=\/wp\/v2\/product"}],"about":[{"href":"https:\/\/lubeljoyeria.com\/index.php?rest_route=\/wp\/v2\/types\/product"}],"wp:featuredmedia":[{"embeddable":true,"href":"https:\/\/lubeljoyeria.com\/index.php?rest_route=\/wp\/v2\/media\/28469"}],"wp:attachment":[{"href":"https:\/\/lubeljoyeria.com\/index.php?rest_route=%2Fwp%2Fv2%2Fmedia&parent=28466"}],"wp:term":[{"taxonomy":"product_brand","embeddable":true,"href":"https:\/\/lubeljoyeria.com\/index.php?rest_route=%2Fwp%2Fv2%2Fproduct_brand&post=28466"},{"taxonomy":"product_cat","embeddable":true,"href":"https:\/\/lubeljoyeria.com\/index.php?rest_route=%2Fwp%2Fv2%2Fproduct_cat&post=28466"},{"taxonomy":"product_tag","embeddable":true,"href":"https:\/\/lubeljoyeria.com\/index.php?rest_route=%2Fwp%2Fv2%2Fproduct_tag&post=28466"}],"curies":[{"name":"wp","href":"https:\/\/api.w.org\/{rel}","templated":true}]}}