{"id":27670,"date":"2025-03-13T11:03:14","date_gmt":"2025-03-13T11:03:14","guid":{"rendered":"https:\/\/lubeljoyeria.com\/?post_type=product&#038;p=27670"},"modified":"2025-07-25T18:31:15","modified_gmt":"2025-07-25T18:31:15","slug":"pendientes-marina-garcia-libelula-con-perlas","status":"publish","type":"product","link":"https:\/\/lubeljoyeria.com\/?product=pendientes-marina-garcia-libelula-con-perlas","title":{"rendered":"Pendientes Marina Garc\u00eda, Lib\u00e9lula con perlas"},"content":{"rendered":"<p>Pendientes de plata de primera ley (925) con ba\u00f1o de rodio, circonita blanca y perlas cultivadas. \u00bfQuieres unos pendientes diferentes para uno de los d\u00edas m\u00e1s importantes de tu vida? Pues no hay mejor opci\u00f3n que estos maravillosos pendientes con forma de lib\u00e9lula de la dise\u00f1adora Marina Garc\u00eda, no dejar\u00e1n indiferente a nadie!!! \u00bfTe atreves?<\/p>\n<p>Tama\u00f1o: 5,4 x 2,6 cm.<\/p>\n<p>Material: Plata de primera ley, ba\u00f1o de rodio y perlas cultivadas.<\/p>\n<p>Ref. Marina Garc\u00eda: 90895PB.<\/p>\n","protected":false},"excerpt":{"rendered":"<p>Pendientes de plata de primera ley (925) con ba\u00f1o de rodio, circonita blanca y perlas cultivadas. \u00bfQuieres unos pendientes diferentes para uno de los d\u00edas m\u00e1s importantes de tu vida? Pues no hay mejor opci\u00f3n que estos maravillosos pendientes con forma de lib\u00e9lula de la dise\u00f1adora Marina Garc\u00eda, no dejar\u00e1n indiferente a nadie!!! \u00bfTe atreves?<\/p>\n<p>Tama\u00f1o: 5,4 x 2,6 cm.<\/p>\n<p>Material: Plata de primera ley, ba\u00f1o de rodio y perlas cultivadas.<\/p>\n<p>Ref. Marina Garc\u00eda: 90895PB.<\/p>\n","protected":false},"featured_media":27672,"template":"","meta":{"_joinchat":[]},"product_brand":[1641],"product_cat":[1638,1640,1477,1494],"product_tag":[],"class_list":{"0":"post-27670","1":"product","2":"type-product","3":"status-publish","4":"has-post-thumbnail","6":"product_brand-marina-garcia","7":"product_cat-marina-garcia","8":"product_cat-pendientes-marina-garcia","9":"product_cat-novias","10":"product_cat-pendientes-novias","11":"sales-flash-overlay","12":"woocommerce-text-align-center","13":"woocommerce-image-align-center","14":"do-quantity-buttons","15":"wc-has-gallery","17":"first","18":"instock","19":"taxable","20":"shipping-taxable","21":"purchasable","22":"product-type-simple"},"yoast_head":"<!-- This site is optimized with the Yoast SEO Premium plugin v22.5 (Yoast SEO v26.5) - https:\/\/yoast.com\/wordpress\/plugins\/seo\/ -->\n<title>Pendientes Marina Garc\u00eda, Lib\u00e9lula con perlas - Distribuidor Oficial Marina Garc\u00eda<\/title>\n<meta name=\"description\" content=\"Pendientes de plata de primera ley (925) con ba\u00f1o de rodio, circonita blanca y perlas cultivadas con forma de lib\u00e9lula. Ref. Marina Garc\u00eda: 90895PB.\" \/>\n<meta name=\"robots\" content=\"index, follow, max-snippet:-1, max-image-preview:large, max-video-preview:-1\" \/>\n<link rel=\"canonical\" href=\"https:\/\/lubeljoyeria.com\/producto\/pendientes-marina-garcia-libelula-con-perlas\" \/>\n<meta property=\"og:locale\" content=\"es_ES\" \/>\n<meta property=\"og:type\" content=\"article\" \/>\n<meta property=\"og:title\" content=\"Pendientes Marina Garc\u00eda, Lib\u00e9lula con perlas\" \/>\n<meta property=\"og:description\" content=\"Pendientes de plata de primera ley (925) con ba\u00f1o de rodio, circonita blanca y perlas cultivadas con forma de lib\u00e9lula. Ref. Marina Garc\u00eda: 90895PB.\" \/>\n<meta property=\"og:url\" content=\"https:\/\/lubeljoyeria.com\/producto\/pendientes-marina-garcia-libelula-con-perlas\" \/>\n<meta property=\"og:site_name\" content=\"Lubel joyeria. Joyeria en Plata . Distribuidor oficial de Swarovski. - Lubel\" \/>\n<meta property=\"article:modified_time\" content=\"2025-07-25T18:31:15+00:00\" \/>\n<meta property=\"og:image\" content=\"https:\/\/lubeljoyeria.com\/wp-content\/uploads\/2025\/03\/Screenshot_13.jpg\" \/>\n\t<meta property=\"og:image:width\" content=\"757\" \/>\n\t<meta property=\"og:image:height\" content=\"563\" \/>\n\t<meta property=\"og:image:type\" content=\"image\/jpeg\" \/>\n<meta name=\"twitter:card\" content=\"summary_large_image\" \/>\n<meta name=\"twitter:label1\" content=\"Tiempo de lectura\" \/>\n\t<meta name=\"twitter:data1\" content=\"1 minuto\" \/>\n<script type=\"application\/ld+json\" class=\"yoast-schema-graph\">{\"@context\":\"https:\/\/schema.org\",\"@graph\":[{\"@type\":\"WebPage\",\"@id\":\"https:\/\/lubeljoyeria.com\/producto\/pendientes-marina-garcia-libelula-con-perlas\",\"url\":\"https:\/\/lubeljoyeria.com\/producto\/pendientes-marina-garcia-libelula-con-perlas\",\"name\":\"Pendientes Marina Garc\u00eda, Lib\u00e9lula con perlas - Distribuidor Oficial Marina Garc\u00eda\",\"isPartOf\":{\"@id\":\"https:\/\/lubeljoyeria.com\/#website\"},\"primaryImageOfPage\":{\"@id\":\"https:\/\/lubeljoyeria.com\/producto\/pendientes-marina-garcia-libelula-con-perlas#primaryimage\"},\"image\":{\"@id\":\"https:\/\/lubeljoyeria.com\/producto\/pendientes-marina-garcia-libelula-con-perlas#primaryimage\"},\"thumbnailUrl\":\"https:\/\/lubeljoyeria.com\/wp-content\/uploads\/2025\/03\/Screenshot_13.jpg\",\"datePublished\":\"2025-03-13T11:03:14+00:00\",\"dateModified\":\"2025-07-25T18:31:15+00:00\",\"description\":\"Pendientes de plata de primera ley (925) con ba\u00f1o de rodio, circonita blanca y perlas cultivadas con forma de lib\u00e9lula. Ref. Marina Garc\u00eda: 90895PB.\",\"breadcrumb\":{\"@id\":\"https:\/\/lubeljoyeria.com\/producto\/pendientes-marina-garcia-libelula-con-perlas#breadcrumb\"},\"inLanguage\":\"es\",\"potentialAction\":[{\"@type\":\"ReadAction\",\"target\":[\"https:\/\/lubeljoyeria.com\/producto\/pendientes-marina-garcia-libelula-con-perlas\"]}]},{\"@type\":\"ImageObject\",\"inLanguage\":\"es\",\"@id\":\"https:\/\/lubeljoyeria.com\/producto\/pendientes-marina-garcia-libelula-con-perlas#primaryimage\",\"url\":\"https:\/\/lubeljoyeria.com\/wp-content\/uploads\/2025\/03\/Screenshot_13.jpg\",\"contentUrl\":\"https:\/\/lubeljoyeria.com\/wp-content\/uploads\/2025\/03\/Screenshot_13.jpg\",\"width\":757,\"height\":563,\"caption\":\"Pendientes de plata de primera ley (925) con ba\u00f1o de rodio, circonita blanca y perlas cultivadas. \u00bfQuieres unos pendientes diferentes para uno de los d\u00edas m\u00e1s importantes de tu vida? Pues no hay mejor opci\u00f3n que estos maravillosos pendientes con forma de lib\u00e9lula de la dise\u00f1adora Marina Garc\u00eda, no dejar\u00e1n indiferente a nadie!!! \u00bfTe atreves? Tama\u00f1o: 5,4 x 2,6 cm. Material: Plata de primera ley, ba\u00f1o de rodio y perlas cultivadas. Ref. Marina Garc\u00eda: 90895PB.\"},{\"@type\":\"BreadcrumbList\",\"@id\":\"https:\/\/lubeljoyeria.com\/producto\/pendientes-marina-garcia-libelula-con-perlas#breadcrumb\",\"itemListElement\":[{\"@type\":\"ListItem\",\"position\":1,\"name\":\"Home\",\"item\":\"https:\/\/lubeljoyeria.com\/\"},{\"@type\":\"ListItem\",\"position\":2,\"name\":\"Tienda\",\"item\":\"https:\/\/lubeljoyeria.com\/?page_id=6\"},{\"@type\":\"ListItem\",\"position\":3,\"name\":\"Pendientes Marina Garc\u00eda, Lib\u00e9lula con perlas\"}]},{\"@type\":\"WebSite\",\"@id\":\"https:\/\/lubeljoyeria.com\/#website\",\"url\":\"https:\/\/lubeljoyeria.com\/\",\"name\":\"Lubel joyeria. Joyeria en Plata . Distribuidor oficial de Swarovski. - Lubel\",\"description\":\"Lubel joyeria. Joyeria en Plata . Distribuidor oficial de Swarovski. - Lubel\",\"publisher\":{\"@id\":\"https:\/\/lubeljoyeria.com\/#organization\"},\"potentialAction\":[{\"@type\":\"SearchAction\",\"target\":{\"@type\":\"EntryPoint\",\"urlTemplate\":\"https:\/\/lubeljoyeria.com\/?s={search_term_string}\"},\"query-input\":{\"@type\":\"PropertyValueSpecification\",\"valueRequired\":true,\"valueName\":\"search_term_string\"}}],\"inLanguage\":\"es\"},{\"@type\":\"Organization\",\"@id\":\"https:\/\/lubeljoyeria.com\/#organization\",\"name\":\"Lubel joyeria. Joyeria en Plata . Distribuidor oficial de Swarovski. - Lubel\",\"url\":\"https:\/\/lubeljoyeria.com\/\",\"logo\":{\"@type\":\"ImageObject\",\"inLanguage\":\"es\",\"@id\":\"https:\/\/lubeljoyeria.com\/#\/schema\/logo\/image\/\",\"url\":\"https:\/\/lubeljoyeria.com\/wp-content\/uploads\/2020\/10\/lubel-joyeria-logo-1543825573-1.png\",\"contentUrl\":\"https:\/\/lubeljoyeria.com\/wp-content\/uploads\/2020\/10\/lubel-joyeria-logo-1543825573-1.png\",\"width\":135,\"height\":31,\"caption\":\"Lubel joyeria. Joyeria en Plata . Distribuidor oficial de Swarovski. - Lubel\"},\"image\":{\"@id\":\"https:\/\/lubeljoyeria.com\/#\/schema\/logo\/image\/\"}}]}<\/script>\n<!-- \/ Yoast SEO Premium plugin. -->","yoast_head_json":{"title":"Pendientes Marina Garc\u00eda, Lib\u00e9lula con perlas - Distribuidor Oficial Marina Garc\u00eda","description":"Pendientes de plata de primera ley (925) con ba\u00f1o de rodio, circonita blanca y perlas cultivadas con forma de lib\u00e9lula. Ref. Marina Garc\u00eda: 90895PB.","robots":{"index":"index","follow":"follow","max-snippet":"max-snippet:-1","max-image-preview":"max-image-preview:large","max-video-preview":"max-video-preview:-1"},"canonical":"https:\/\/lubeljoyeria.com\/producto\/pendientes-marina-garcia-libelula-con-perlas","og_locale":"es_ES","og_type":"article","og_title":"Pendientes Marina Garc\u00eda, Lib\u00e9lula con perlas","og_description":"Pendientes de plata de primera ley (925) con ba\u00f1o de rodio, circonita blanca y perlas cultivadas con forma de lib\u00e9lula. Ref. Marina Garc\u00eda: 90895PB.","og_url":"https:\/\/lubeljoyeria.com\/producto\/pendientes-marina-garcia-libelula-con-perlas","og_site_name":"Lubel joyeria. Joyeria en Plata . Distribuidor oficial de Swarovski. - Lubel","article_modified_time":"2025-07-25T18:31:15+00:00","og_image":[{"width":757,"height":563,"url":"https:\/\/lubeljoyeria.com\/wp-content\/uploads\/2025\/03\/Screenshot_13.jpg","type":"image\/jpeg"}],"twitter_card":"summary_large_image","twitter_misc":{"Tiempo de lectura":"1 minuto"},"schema":{"@context":"https:\/\/schema.org","@graph":[{"@type":"WebPage","@id":"https:\/\/lubeljoyeria.com\/producto\/pendientes-marina-garcia-libelula-con-perlas","url":"https:\/\/lubeljoyeria.com\/producto\/pendientes-marina-garcia-libelula-con-perlas","name":"Pendientes Marina Garc\u00eda, Lib\u00e9lula con perlas - Distribuidor Oficial Marina Garc\u00eda","isPartOf":{"@id":"https:\/\/lubeljoyeria.com\/#website"},"primaryImageOfPage":{"@id":"https:\/\/lubeljoyeria.com\/producto\/pendientes-marina-garcia-libelula-con-perlas#primaryimage"},"image":{"@id":"https:\/\/lubeljoyeria.com\/producto\/pendientes-marina-garcia-libelula-con-perlas#primaryimage"},"thumbnailUrl":"https:\/\/lubeljoyeria.com\/wp-content\/uploads\/2025\/03\/Screenshot_13.jpg","datePublished":"2025-03-13T11:03:14+00:00","dateModified":"2025-07-25T18:31:15+00:00","description":"Pendientes de plata de primera ley (925) con ba\u00f1o de rodio, circonita blanca y perlas cultivadas con forma de lib\u00e9lula. Ref. Marina Garc\u00eda: 90895PB.","breadcrumb":{"@id":"https:\/\/lubeljoyeria.com\/producto\/pendientes-marina-garcia-libelula-con-perlas#breadcrumb"},"inLanguage":"es","potentialAction":[{"@type":"ReadAction","target":["https:\/\/lubeljoyeria.com\/producto\/pendientes-marina-garcia-libelula-con-perlas"]}]},{"@type":"ImageObject","inLanguage":"es","@id":"https:\/\/lubeljoyeria.com\/producto\/pendientes-marina-garcia-libelula-con-perlas#primaryimage","url":"https:\/\/lubeljoyeria.com\/wp-content\/uploads\/2025\/03\/Screenshot_13.jpg","contentUrl":"https:\/\/lubeljoyeria.com\/wp-content\/uploads\/2025\/03\/Screenshot_13.jpg","width":757,"height":563,"caption":"Pendientes de plata de primera ley (925) con ba\u00f1o de rodio, circonita blanca y perlas cultivadas. \u00bfQuieres unos pendientes diferentes para uno de los d\u00edas m\u00e1s importantes de tu vida? Pues no hay mejor opci\u00f3n que estos maravillosos pendientes con forma de lib\u00e9lula de la dise\u00f1adora Marina Garc\u00eda, no dejar\u00e1n indiferente a nadie!!! \u00bfTe atreves? Tama\u00f1o: 5,4 x 2,6 cm. Material: Plata de primera ley, ba\u00f1o de rodio y perlas cultivadas. Ref. Marina Garc\u00eda: 90895PB."},{"@type":"BreadcrumbList","@id":"https:\/\/lubeljoyeria.com\/producto\/pendientes-marina-garcia-libelula-con-perlas#breadcrumb","itemListElement":[{"@type":"ListItem","position":1,"name":"Home","item":"https:\/\/lubeljoyeria.com\/"},{"@type":"ListItem","position":2,"name":"Tienda","item":"https:\/\/lubeljoyeria.com\/?page_id=6"},{"@type":"ListItem","position":3,"name":"Pendientes Marina Garc\u00eda, Lib\u00e9lula con perlas"}]},{"@type":"WebSite","@id":"https:\/\/lubeljoyeria.com\/#website","url":"https:\/\/lubeljoyeria.com\/","name":"Lubel joyeria. Joyeria en Plata . Distribuidor oficial de Swarovski. - Lubel","description":"Lubel joyeria. Joyeria en Plata . Distribuidor oficial de Swarovski. - Lubel","publisher":{"@id":"https:\/\/lubeljoyeria.com\/#organization"},"potentialAction":[{"@type":"SearchAction","target":{"@type":"EntryPoint","urlTemplate":"https:\/\/lubeljoyeria.com\/?s={search_term_string}"},"query-input":{"@type":"PropertyValueSpecification","valueRequired":true,"valueName":"search_term_string"}}],"inLanguage":"es"},{"@type":"Organization","@id":"https:\/\/lubeljoyeria.com\/#organization","name":"Lubel joyeria. Joyeria en Plata . Distribuidor oficial de Swarovski. - Lubel","url":"https:\/\/lubeljoyeria.com\/","logo":{"@type":"ImageObject","inLanguage":"es","@id":"https:\/\/lubeljoyeria.com\/#\/schema\/logo\/image\/","url":"https:\/\/lubeljoyeria.com\/wp-content\/uploads\/2020\/10\/lubel-joyeria-logo-1543825573-1.png","contentUrl":"https:\/\/lubeljoyeria.com\/wp-content\/uploads\/2020\/10\/lubel-joyeria-logo-1543825573-1.png","width":135,"height":31,"caption":"Lubel joyeria. Joyeria en Plata . Distribuidor oficial de Swarovski. - Lubel"},"image":{"@id":"https:\/\/lubeljoyeria.com\/#\/schema\/logo\/image\/"}}]}},"_links":{"self":[{"href":"https:\/\/lubeljoyeria.com\/index.php?rest_route=\/wp\/v2\/product\/27670","targetHints":{"allow":["GET"]}}],"collection":[{"href":"https:\/\/lubeljoyeria.com\/index.php?rest_route=\/wp\/v2\/product"}],"about":[{"href":"https:\/\/lubeljoyeria.com\/index.php?rest_route=\/wp\/v2\/types\/product"}],"wp:featuredmedia":[{"embeddable":true,"href":"https:\/\/lubeljoyeria.com\/index.php?rest_route=\/wp\/v2\/media\/27672"}],"wp:attachment":[{"href":"https:\/\/lubeljoyeria.com\/index.php?rest_route=%2Fwp%2Fv2%2Fmedia&parent=27670"}],"wp:term":[{"taxonomy":"product_brand","embeddable":true,"href":"https:\/\/lubeljoyeria.com\/index.php?rest_route=%2Fwp%2Fv2%2Fproduct_brand&post=27670"},{"taxonomy":"product_cat","embeddable":true,"href":"https:\/\/lubeljoyeria.com\/index.php?rest_route=%2Fwp%2Fv2%2Fproduct_cat&post=27670"},{"taxonomy":"product_tag","embeddable":true,"href":"https:\/\/lubeljoyeria.com\/index.php?rest_route=%2Fwp%2Fv2%2Fproduct_tag&post=27670"}],"curies":[{"name":"wp","href":"https:\/\/api.w.org\/{rel}","templated":true}]}}