{"id":27399,"date":"2025-02-04T11:46:52","date_gmt":"2025-02-04T11:46:52","guid":{"rendered":"https:\/\/lubeljoyeria.com\/?post_type=product&#038;p=27399"},"modified":"2026-01-12T18:49:11","modified_gmt":"2026-01-12T18:49:11","slug":"pendientes-swarovski-ariana-grande","status":"publish","type":"product","link":"https:\/\/lubeljoyeria.com\/?product=pendientes-swarovski-ariana-grande","title":{"rendered":"Pendientes Swarovski, Ariana Grande"},"content":{"rendered":"<p>Estos llamativos pendientes infundidos con el savoir-faire de Swarovski, son una forma ultramoderna de realzar cualquier atuendo. Cada pieza con ba\u00f1o de rodio presenta una espiral abierta con circonitas en talla redonda y talla baguette, en un degradado de tama\u00f1os. En la secci\u00f3n exterior, el dise\u00f1o se completa con un degradado de perlas de cristal que aportan un toque lujoso y cautivador. Unos pendientes brillantes y hermosos f\u00e1ciles de combinar con otras piezas de la misma familia creativa.<\/p>\n<p>Tama\u00f1o: \u00a04.2 x 3.2 cm.<\/p>\n<p>Material: Cristales, ba\u00f1o de rodio, circonitas y perlas de cristal.<\/p>\n","protected":false},"excerpt":{"rendered":"<p>Estos llamativos pendientes infundidos con el savoir-faire de Swarovski, son una forma ultramoderna de realzar cualquier atuendo. Cada pieza con ba\u00f1o de rodio presenta una espiral abierta con circonitas en talla redonda y talla baguette, en un degradado de tama\u00f1os. En la secci\u00f3n exterior, el dise\u00f1o se completa con un degradado de perlas de cristal que aportan un toque lujoso y cautivador. Unos pendientes brillantes y hermosos f\u00e1ciles de combinar con otras piezas de la misma familia creativa.<\/p>\n<p>Tama\u00f1o: \u00a04.2 x 3.2 cm.<\/p>\n<p>Material: Cristales, ba\u00f1o de rodio, circonitas y perlas de cristal.<\/p>\n","protected":false},"featured_media":27401,"template":"","meta":{"_joinchat":[]},"product_brand":[1437],"product_cat":[1470,1512],"product_tag":[],"class_list":{"0":"post-27399","1":"product","2":"type-product","3":"status-publish","4":"has-post-thumbnail","6":"product_brand-swarovski","7":"product_cat-swarovski","8":"product_cat-pendientes-swarovski","9":"sales-flash-overlay","10":"woocommerce-text-align-center","11":"woocommerce-image-align-center","12":"do-quantity-buttons","13":"wc-has-gallery","15":"first","16":"outofstock","17":"taxable","18":"shipping-taxable","19":"purchasable","20":"product-type-simple"},"yoast_head":"<!-- This site is optimized with the Yoast SEO Premium plugin v22.5 (Yoast SEO v26.5) - https:\/\/yoast.com\/wordpress\/plugins\/seo\/ -->\n<title>Pendientes Swarovski, Ariana Grande - Distribuidor Oficial Swarovski<\/title>\n<meta name=\"description\" content=\"Cada pieza con ba\u00f1o de rodio presenta una espiral abierta con circonitas en talla redonda y talla baguette, en un degradado de tama\u00f1os y perlas de cristal.\" \/>\n<meta name=\"robots\" content=\"index, follow, max-snippet:-1, max-image-preview:large, max-video-preview:-1\" \/>\n<link rel=\"canonical\" href=\"https:\/\/lubeljoyeria.com\/?product=pendientes-swarovski-ariana-grande\" \/>\n<meta property=\"og:locale\" content=\"es_ES\" \/>\n<meta property=\"og:type\" content=\"article\" \/>\n<meta property=\"og:title\" content=\"Pendientes Swarovski, Ariana Grande\" \/>\n<meta property=\"og:description\" content=\"Cada pieza con ba\u00f1o de rodio presenta una espiral abierta con circonitas en talla redonda y talla baguette, en un degradado de tama\u00f1os y perlas de cristal.\" \/>\n<meta property=\"og:url\" content=\"https:\/\/lubeljoyeria.com\/?product=pendientes-swarovski-ariana-grande\" \/>\n<meta property=\"og:site_name\" content=\"Lubel joyeria. Joyeria en Plata . Distribuidor oficial de Swarovski. - Lubel\" \/>\n<meta property=\"article:modified_time\" content=\"2026-01-12T18:49:11+00:00\" \/>\n<meta property=\"og:image\" content=\"https:\/\/lubeljoyeria.com\/wp-content\/uploads\/2025\/02\/Screenshot_24.png\" \/>\n\t<meta property=\"og:image:width\" content=\"566\" \/>\n\t<meta property=\"og:image:height\" content=\"568\" \/>\n\t<meta property=\"og:image:type\" content=\"image\/png\" \/>\n<meta name=\"twitter:card\" content=\"summary_large_image\" \/>\n<meta name=\"twitter:label1\" content=\"Tiempo de lectura\" \/>\n\t<meta name=\"twitter:data1\" content=\"1 minuto\" \/>\n<script type=\"application\/ld+json\" class=\"yoast-schema-graph\">{\"@context\":\"https:\/\/schema.org\",\"@graph\":[{\"@type\":\"WebPage\",\"@id\":\"https:\/\/lubeljoyeria.com\/?product=pendientes-swarovski-ariana-grande\",\"url\":\"https:\/\/lubeljoyeria.com\/?product=pendientes-swarovski-ariana-grande\",\"name\":\"Pendientes Swarovski, Ariana Grande - Distribuidor Oficial Swarovski\",\"isPartOf\":{\"@id\":\"https:\/\/lubeljoyeria.com\/#website\"},\"primaryImageOfPage\":{\"@id\":\"https:\/\/lubeljoyeria.com\/?product=pendientes-swarovski-ariana-grande#primaryimage\"},\"image\":{\"@id\":\"https:\/\/lubeljoyeria.com\/?product=pendientes-swarovski-ariana-grande#primaryimage\"},\"thumbnailUrl\":\"https:\/\/lubeljoyeria.com\/wp-content\/uploads\/2025\/02\/Screenshot_24.png\",\"datePublished\":\"2025-02-04T11:46:52+00:00\",\"dateModified\":\"2026-01-12T18:49:11+00:00\",\"description\":\"Cada pieza con ba\u00f1o de rodio presenta una espiral abierta con circonitas en talla redonda y talla baguette, en un degradado de tama\u00f1os y perlas de cristal.\",\"breadcrumb\":{\"@id\":\"https:\/\/lubeljoyeria.com\/?product=pendientes-swarovski-ariana-grande#breadcrumb\"},\"inLanguage\":\"es\",\"potentialAction\":[{\"@type\":\"ReadAction\",\"target\":[\"https:\/\/lubeljoyeria.com\/?product=pendientes-swarovski-ariana-grande\"]}]},{\"@type\":\"ImageObject\",\"inLanguage\":\"es\",\"@id\":\"https:\/\/lubeljoyeria.com\/?product=pendientes-swarovski-ariana-grande#primaryimage\",\"url\":\"https:\/\/lubeljoyeria.com\/wp-content\/uploads\/2025\/02\/Screenshot_24.png\",\"contentUrl\":\"https:\/\/lubeljoyeria.com\/wp-content\/uploads\/2025\/02\/Screenshot_24.png\",\"width\":566,\"height\":568,\"caption\":\"Estos llamativos pendientes infundidos con el savoir-faire de Swarovski, son una forma ultramoderna de realzar cualquier atuendo. Cada pieza con ba\u00f1o de rodio presenta una espiral abierta con circonitas en talla redonda y talla baguette, en un degradado de tama\u00f1os. En la secci\u00f3n exterior, el dise\u00f1o se completa con un degradado de perlas de cristal que aportan un toque lujoso y cautivador. Unos pendientes brillantes y hermosos f\u00e1ciles de combinar con otras piezas de la misma familia creativa. Tama\u00f1o: \u00a04.2 x 3.2 cm. Material: Cristales, ba\u00f1o de rodio, circonitas y perlas de cristal.\"},{\"@type\":\"BreadcrumbList\",\"@id\":\"https:\/\/lubeljoyeria.com\/?product=pendientes-swarovski-ariana-grande#breadcrumb\",\"itemListElement\":[{\"@type\":\"ListItem\",\"position\":1,\"name\":\"Home\",\"item\":\"https:\/\/lubeljoyeria.com\/\"},{\"@type\":\"ListItem\",\"position\":2,\"name\":\"Tienda\",\"item\":\"https:\/\/lubeljoyeria.com\/?page_id=6\"},{\"@type\":\"ListItem\",\"position\":3,\"name\":\"Pendientes Swarovski, Ariana Grande\"}]},{\"@type\":\"WebSite\",\"@id\":\"https:\/\/lubeljoyeria.com\/#website\",\"url\":\"https:\/\/lubeljoyeria.com\/\",\"name\":\"Lubel joyeria. Joyeria en Plata . Distribuidor oficial de Swarovski. - Lubel\",\"description\":\"Lubel joyeria. Joyeria en Plata . Distribuidor oficial de Swarovski. - Lubel\",\"publisher\":{\"@id\":\"https:\/\/lubeljoyeria.com\/#organization\"},\"potentialAction\":[{\"@type\":\"SearchAction\",\"target\":{\"@type\":\"EntryPoint\",\"urlTemplate\":\"https:\/\/lubeljoyeria.com\/?s={search_term_string}\"},\"query-input\":{\"@type\":\"PropertyValueSpecification\",\"valueRequired\":true,\"valueName\":\"search_term_string\"}}],\"inLanguage\":\"es\"},{\"@type\":\"Organization\",\"@id\":\"https:\/\/lubeljoyeria.com\/#organization\",\"name\":\"Lubel joyeria. Joyeria en Plata . Distribuidor oficial de Swarovski. - Lubel\",\"url\":\"https:\/\/lubeljoyeria.com\/\",\"logo\":{\"@type\":\"ImageObject\",\"inLanguage\":\"es\",\"@id\":\"https:\/\/lubeljoyeria.com\/#\/schema\/logo\/image\/\",\"url\":\"https:\/\/lubeljoyeria.com\/wp-content\/uploads\/2020\/10\/lubel-joyeria-logo-1543825573-1.png\",\"contentUrl\":\"https:\/\/lubeljoyeria.com\/wp-content\/uploads\/2020\/10\/lubel-joyeria-logo-1543825573-1.png\",\"width\":135,\"height\":31,\"caption\":\"Lubel joyeria. Joyeria en Plata . Distribuidor oficial de Swarovski. - Lubel\"},\"image\":{\"@id\":\"https:\/\/lubeljoyeria.com\/#\/schema\/logo\/image\/\"}}]}<\/script>\n<!-- \/ Yoast SEO Premium plugin. -->","yoast_head_json":{"title":"Pendientes Swarovski, Ariana Grande - Distribuidor Oficial Swarovski","description":"Cada pieza con ba\u00f1o de rodio presenta una espiral abierta con circonitas en talla redonda y talla baguette, en un degradado de tama\u00f1os y perlas de cristal.","robots":{"index":"index","follow":"follow","max-snippet":"max-snippet:-1","max-image-preview":"max-image-preview:large","max-video-preview":"max-video-preview:-1"},"canonical":"https:\/\/lubeljoyeria.com\/?product=pendientes-swarovski-ariana-grande","og_locale":"es_ES","og_type":"article","og_title":"Pendientes Swarovski, Ariana Grande","og_description":"Cada pieza con ba\u00f1o de rodio presenta una espiral abierta con circonitas en talla redonda y talla baguette, en un degradado de tama\u00f1os y perlas de cristal.","og_url":"https:\/\/lubeljoyeria.com\/?product=pendientes-swarovski-ariana-grande","og_site_name":"Lubel joyeria. Joyeria en Plata . Distribuidor oficial de Swarovski. - Lubel","article_modified_time":"2026-01-12T18:49:11+00:00","og_image":[{"width":566,"height":568,"url":"https:\/\/lubeljoyeria.com\/wp-content\/uploads\/2025\/02\/Screenshot_24.png","type":"image\/png"}],"twitter_card":"summary_large_image","twitter_misc":{"Tiempo de lectura":"1 minuto"},"schema":{"@context":"https:\/\/schema.org","@graph":[{"@type":"WebPage","@id":"https:\/\/lubeljoyeria.com\/?product=pendientes-swarovski-ariana-grande","url":"https:\/\/lubeljoyeria.com\/?product=pendientes-swarovski-ariana-grande","name":"Pendientes Swarovski, Ariana Grande - Distribuidor Oficial Swarovski","isPartOf":{"@id":"https:\/\/lubeljoyeria.com\/#website"},"primaryImageOfPage":{"@id":"https:\/\/lubeljoyeria.com\/?product=pendientes-swarovski-ariana-grande#primaryimage"},"image":{"@id":"https:\/\/lubeljoyeria.com\/?product=pendientes-swarovski-ariana-grande#primaryimage"},"thumbnailUrl":"https:\/\/lubeljoyeria.com\/wp-content\/uploads\/2025\/02\/Screenshot_24.png","datePublished":"2025-02-04T11:46:52+00:00","dateModified":"2026-01-12T18:49:11+00:00","description":"Cada pieza con ba\u00f1o de rodio presenta una espiral abierta con circonitas en talla redonda y talla baguette, en un degradado de tama\u00f1os y perlas de cristal.","breadcrumb":{"@id":"https:\/\/lubeljoyeria.com\/?product=pendientes-swarovski-ariana-grande#breadcrumb"},"inLanguage":"es","potentialAction":[{"@type":"ReadAction","target":["https:\/\/lubeljoyeria.com\/?product=pendientes-swarovski-ariana-grande"]}]},{"@type":"ImageObject","inLanguage":"es","@id":"https:\/\/lubeljoyeria.com\/?product=pendientes-swarovski-ariana-grande#primaryimage","url":"https:\/\/lubeljoyeria.com\/wp-content\/uploads\/2025\/02\/Screenshot_24.png","contentUrl":"https:\/\/lubeljoyeria.com\/wp-content\/uploads\/2025\/02\/Screenshot_24.png","width":566,"height":568,"caption":"Estos llamativos pendientes infundidos con el savoir-faire de Swarovski, son una forma ultramoderna de realzar cualquier atuendo. Cada pieza con ba\u00f1o de rodio presenta una espiral abierta con circonitas en talla redonda y talla baguette, en un degradado de tama\u00f1os. En la secci\u00f3n exterior, el dise\u00f1o se completa con un degradado de perlas de cristal que aportan un toque lujoso y cautivador. Unos pendientes brillantes y hermosos f\u00e1ciles de combinar con otras piezas de la misma familia creativa. Tama\u00f1o: \u00a04.2 x 3.2 cm. Material: Cristales, ba\u00f1o de rodio, circonitas y perlas de cristal."},{"@type":"BreadcrumbList","@id":"https:\/\/lubeljoyeria.com\/?product=pendientes-swarovski-ariana-grande#breadcrumb","itemListElement":[{"@type":"ListItem","position":1,"name":"Home","item":"https:\/\/lubeljoyeria.com\/"},{"@type":"ListItem","position":2,"name":"Tienda","item":"https:\/\/lubeljoyeria.com\/?page_id=6"},{"@type":"ListItem","position":3,"name":"Pendientes Swarovski, Ariana Grande"}]},{"@type":"WebSite","@id":"https:\/\/lubeljoyeria.com\/#website","url":"https:\/\/lubeljoyeria.com\/","name":"Lubel joyeria. Joyeria en Plata . Distribuidor oficial de Swarovski. - Lubel","description":"Lubel joyeria. Joyeria en Plata . Distribuidor oficial de Swarovski. - Lubel","publisher":{"@id":"https:\/\/lubeljoyeria.com\/#organization"},"potentialAction":[{"@type":"SearchAction","target":{"@type":"EntryPoint","urlTemplate":"https:\/\/lubeljoyeria.com\/?s={search_term_string}"},"query-input":{"@type":"PropertyValueSpecification","valueRequired":true,"valueName":"search_term_string"}}],"inLanguage":"es"},{"@type":"Organization","@id":"https:\/\/lubeljoyeria.com\/#organization","name":"Lubel joyeria. Joyeria en Plata . Distribuidor oficial de Swarovski. - Lubel","url":"https:\/\/lubeljoyeria.com\/","logo":{"@type":"ImageObject","inLanguage":"es","@id":"https:\/\/lubeljoyeria.com\/#\/schema\/logo\/image\/","url":"https:\/\/lubeljoyeria.com\/wp-content\/uploads\/2020\/10\/lubel-joyeria-logo-1543825573-1.png","contentUrl":"https:\/\/lubeljoyeria.com\/wp-content\/uploads\/2020\/10\/lubel-joyeria-logo-1543825573-1.png","width":135,"height":31,"caption":"Lubel joyeria. Joyeria en Plata . Distribuidor oficial de Swarovski. - Lubel"},"image":{"@id":"https:\/\/lubeljoyeria.com\/#\/schema\/logo\/image\/"}}]}},"_links":{"self":[{"href":"https:\/\/lubeljoyeria.com\/index.php?rest_route=\/wp\/v2\/product\/27399","targetHints":{"allow":["GET"]}}],"collection":[{"href":"https:\/\/lubeljoyeria.com\/index.php?rest_route=\/wp\/v2\/product"}],"about":[{"href":"https:\/\/lubeljoyeria.com\/index.php?rest_route=\/wp\/v2\/types\/product"}],"wp:featuredmedia":[{"embeddable":true,"href":"https:\/\/lubeljoyeria.com\/index.php?rest_route=\/wp\/v2\/media\/27401"}],"wp:attachment":[{"href":"https:\/\/lubeljoyeria.com\/index.php?rest_route=%2Fwp%2Fv2%2Fmedia&parent=27399"}],"wp:term":[{"taxonomy":"product_brand","embeddable":true,"href":"https:\/\/lubeljoyeria.com\/index.php?rest_route=%2Fwp%2Fv2%2Fproduct_brand&post=27399"},{"taxonomy":"product_cat","embeddable":true,"href":"https:\/\/lubeljoyeria.com\/index.php?rest_route=%2Fwp%2Fv2%2Fproduct_cat&post=27399"},{"taxonomy":"product_tag","embeddable":true,"href":"https:\/\/lubeljoyeria.com\/index.php?rest_route=%2Fwp%2Fv2%2Fproduct_tag&post=27399"}],"curies":[{"name":"wp","href":"https:\/\/api.w.org\/{rel}","templated":true}]}}