{"id":26699,"date":"2024-09-18T10:01:52","date_gmt":"2024-09-18T10:01:52","guid":{"rendered":"https:\/\/lubeljoyeria.com\/?post_type=product&#038;p=26699"},"modified":"2026-01-28T11:18:58","modified_gmt":"2026-01-28T11:18:58","slug":"pulsera-marina-garcia-zen-british-rose","status":"publish","type":"product","link":"https:\/\/lubeljoyeria.com\/?product=pulsera-marina-garcia-zen-british-rose","title":{"rendered":"Pulsera Marina Garc\u00eda Zen, British Rose"},"content":{"rendered":"<p>Pulsera de plata de primera ley (925) ba\u00f1ada en oro amarillo de 18kt, n\u00facleo de silicona el\u00e1stica, cristal de strass facetado y charm de piedra natural. La pulsera Zen es el\u00e1stica y permite pon\u00e9rtela sin necesidad de cierre. Puedes llevarla como pulsera, como gargantilla o como tobillera para el verano.<br \/>\nHay 46 colores distintos para coordinar con tu ropa en cada momento. Puedes combinar dos o m\u00e1s pulseras Zen para conseguir contrastes atrevidos. \u00a1Colecci\u00f3nalas!<\/p>\n<p>Tama\u00f1o: 17 cm ( 51 cm en total).<\/p>\n<p>Material: Plata de primera ley, ba\u00f1o de oro y cristal de strass facetado.<\/p>\n<p>Ref. Marina Garc\u00eda:90919UT<\/p>\n","protected":false},"excerpt":{"rendered":"<p>Pulsera de plata de primera ley (925) ba\u00f1ada en oro amarillo de 18kt, n\u00facleo de silicona el\u00e1stica, cristal de strass facetado y charm de piedra natural. La pulsera Zen es el\u00e1stica y permite pon\u00e9rtela sin necesidad de cierre. Puedes llevarla como pulsera, como gargantilla o como tobillera para el verano.<br \/>\nHay 46 colores distintos para coordinar con tu ropa en cada momento. Puedes combinar dos o m\u00e1s pulseras Zen para conseguir contrastes atrevidos. \u00a1Colecci\u00f3nalas!<\/p>\n<p>Tama\u00f1o: 17 cm ( 51 cm en total).<\/p>\n<p>Material: Plata de primera ley, ba\u00f1o de oro y cristal de strass facetado.<\/p>\n<p>Ref. Marina Garc\u00eda:90919UT<\/p>\n","protected":false},"featured_media":26704,"template":"","meta":{"_joinchat":[]},"product_brand":[1641],"product_cat":[1638,1639,1463,1464],"product_tag":[],"class_list":{"0":"post-26699","1":"product","2":"type-product","3":"status-publish","4":"has-post-thumbnail","6":"product_brand-marina-garcia","7":"product_cat-marina-garcia","8":"product_cat-pulseras-marina-garcia","9":"product_cat-inicio","10":"product_cat-principal","11":"sales-flash-overlay","12":"woocommerce-text-align-center","13":"woocommerce-image-align-center","14":"do-quantity-buttons","15":"wc-has-gallery","17":"first","18":"instock","19":"taxable","20":"shipping-taxable","21":"purchasable","22":"product-type-variable"},"yoast_head":"<!-- This site is optimized with the Yoast SEO Premium plugin v22.5 (Yoast SEO v26.5) - https:\/\/yoast.com\/wordpress\/plugins\/seo\/ -->\n<title>Pulsera Marina Garc\u00eda Zen, British Rose - Distribuidor oficial Marina G<\/title>\n<meta name=\"description\" content=\"Pulsera de plata de primera ley (925) ba\u00f1ada en oro amarillo de 18kt, n\u00facleo de silicona el\u00e1stica,cristal de strass facetado y charm de piedra natural.\" \/>\n<meta name=\"robots\" content=\"index, follow, max-snippet:-1, max-image-preview:large, max-video-preview:-1\" \/>\n<link rel=\"canonical\" href=\"https:\/\/lubeljoyeria.com\/?product=pulsera-marina-garcia-zen-british-rose\" \/>\n<meta property=\"og:locale\" content=\"es_ES\" \/>\n<meta property=\"og:type\" content=\"article\" \/>\n<meta property=\"og:title\" content=\"Pulsera Marina Garc\u00eda Zen, British Rose\" \/>\n<meta property=\"og:description\" content=\"Pulsera de plata de primera ley (925) ba\u00f1ada en oro amarillo de 18kt, n\u00facleo de silicona el\u00e1stica,cristal de strass facetado y charm de piedra natural.\" \/>\n<meta property=\"og:url\" content=\"https:\/\/lubeljoyeria.com\/?product=pulsera-marina-garcia-zen-british-rose\" \/>\n<meta property=\"og:site_name\" content=\"Lubel joyeria. Joyeria en Plata . Distribuidor oficial de Swarovski. - Lubel\" \/>\n<meta property=\"article:modified_time\" content=\"2026-01-28T11:18:58+00:00\" \/>\n<meta property=\"og:image\" content=\"https:\/\/lubeljoyeria.com\/wp-content\/uploads\/2024\/09\/Screenshot_4.png\" \/>\n\t<meta property=\"og:image:width\" content=\"757\" \/>\n\t<meta property=\"og:image:height\" content=\"563\" \/>\n\t<meta property=\"og:image:type\" content=\"image\/png\" \/>\n<meta name=\"twitter:card\" content=\"summary_large_image\" \/>\n<meta name=\"twitter:label1\" content=\"Tiempo de lectura\" \/>\n\t<meta name=\"twitter:data1\" content=\"1 minuto\" \/>\n<script type=\"application\/ld+json\" class=\"yoast-schema-graph\">{\"@context\":\"https:\/\/schema.org\",\"@graph\":[{\"@type\":\"WebPage\",\"@id\":\"https:\/\/lubeljoyeria.com\/?product=pulsera-marina-garcia-zen-british-rose\",\"url\":\"https:\/\/lubeljoyeria.com\/?product=pulsera-marina-garcia-zen-british-rose\",\"name\":\"Pulsera Marina Garc\u00eda Zen, British Rose - Distribuidor oficial Marina G\",\"isPartOf\":{\"@id\":\"https:\/\/lubeljoyeria.com\/#website\"},\"primaryImageOfPage\":{\"@id\":\"https:\/\/lubeljoyeria.com\/?product=pulsera-marina-garcia-zen-british-rose#primaryimage\"},\"image\":{\"@id\":\"https:\/\/lubeljoyeria.com\/?product=pulsera-marina-garcia-zen-british-rose#primaryimage\"},\"thumbnailUrl\":\"https:\/\/lubeljoyeria.com\/wp-content\/uploads\/2024\/09\/Screenshot_4.png\",\"datePublished\":\"2024-09-18T10:01:52+00:00\",\"dateModified\":\"2026-01-28T11:18:58+00:00\",\"description\":\"Pulsera de plata de primera ley (925) ba\u00f1ada en oro amarillo de 18kt, n\u00facleo de silicona el\u00e1stica,cristal de strass facetado y charm de piedra natural.\",\"breadcrumb\":{\"@id\":\"https:\/\/lubeljoyeria.com\/?product=pulsera-marina-garcia-zen-british-rose#breadcrumb\"},\"inLanguage\":\"es\",\"potentialAction\":[{\"@type\":\"ReadAction\",\"target\":[\"https:\/\/lubeljoyeria.com\/?product=pulsera-marina-garcia-zen-british-rose\"]}]},{\"@type\":\"ImageObject\",\"inLanguage\":\"es\",\"@id\":\"https:\/\/lubeljoyeria.com\/?product=pulsera-marina-garcia-zen-british-rose#primaryimage\",\"url\":\"https:\/\/lubeljoyeria.com\/wp-content\/uploads\/2024\/09\/Screenshot_4.png\",\"contentUrl\":\"https:\/\/lubeljoyeria.com\/wp-content\/uploads\/2024\/09\/Screenshot_4.png\",\"width\":757,\"height\":563,\"caption\":\"Pulsera de plata de primera ley (925) ba\u00f1ada en oro amarillo de 18kt, n\u00facleo de silicona el\u00e1stica, cristal de strass facetado y charm de piedra natural. La pulsera Zen es el\u00e1stica y permite pon\u00e9rtela sin necesidad de cierre. Puedes llevarla como pulsera, como gargantilla o como tobillera para el verano. Hay 46 colores distintos para coordinar con tu ropa en cada momento. Puedes combinar dos o m\u00e1s pulseras Zen para conseguir contrastes atrevidos. \u00a1Colecci\u00f3nalas! Tama\u00f1o: 17 cm ( 51 cm en total). Material: Plata de primera ley, ba\u00f1o de oro y cristal de strass facetado. Ref. Marina Garc\u00eda:90919UT\"},{\"@type\":\"BreadcrumbList\",\"@id\":\"https:\/\/lubeljoyeria.com\/?product=pulsera-marina-garcia-zen-british-rose#breadcrumb\",\"itemListElement\":[{\"@type\":\"ListItem\",\"position\":1,\"name\":\"Home\",\"item\":\"https:\/\/lubeljoyeria.com\/\"},{\"@type\":\"ListItem\",\"position\":2,\"name\":\"Tienda\",\"item\":\"https:\/\/lubeljoyeria.com\/?page_id=6\"},{\"@type\":\"ListItem\",\"position\":3,\"name\":\"Pulsera Marina Garc\u00eda Zen, British Rose\"}]},{\"@type\":\"WebSite\",\"@id\":\"https:\/\/lubeljoyeria.com\/#website\",\"url\":\"https:\/\/lubeljoyeria.com\/\",\"name\":\"Lubel joyeria. Joyeria en Plata . Distribuidor oficial de Swarovski. - Lubel\",\"description\":\"Lubel joyeria. Joyeria en Plata . Distribuidor oficial de Swarovski. - Lubel\",\"publisher\":{\"@id\":\"https:\/\/lubeljoyeria.com\/#organization\"},\"potentialAction\":[{\"@type\":\"SearchAction\",\"target\":{\"@type\":\"EntryPoint\",\"urlTemplate\":\"https:\/\/lubeljoyeria.com\/?s={search_term_string}\"},\"query-input\":{\"@type\":\"PropertyValueSpecification\",\"valueRequired\":true,\"valueName\":\"search_term_string\"}}],\"inLanguage\":\"es\"},{\"@type\":\"Organization\",\"@id\":\"https:\/\/lubeljoyeria.com\/#organization\",\"name\":\"Lubel joyeria. Joyeria en Plata . Distribuidor oficial de Swarovski. - Lubel\",\"url\":\"https:\/\/lubeljoyeria.com\/\",\"logo\":{\"@type\":\"ImageObject\",\"inLanguage\":\"es\",\"@id\":\"https:\/\/lubeljoyeria.com\/#\/schema\/logo\/image\/\",\"url\":\"https:\/\/lubeljoyeria.com\/wp-content\/uploads\/2020\/10\/lubel-joyeria-logo-1543825573-1.png\",\"contentUrl\":\"https:\/\/lubeljoyeria.com\/wp-content\/uploads\/2020\/10\/lubel-joyeria-logo-1543825573-1.png\",\"width\":135,\"height\":31,\"caption\":\"Lubel joyeria. Joyeria en Plata . Distribuidor oficial de Swarovski. - Lubel\"},\"image\":{\"@id\":\"https:\/\/lubeljoyeria.com\/#\/schema\/logo\/image\/\"}}]}<\/script>\n<!-- \/ Yoast SEO Premium plugin. -->","yoast_head_json":{"title":"Pulsera Marina Garc\u00eda Zen, British Rose - Distribuidor oficial Marina G","description":"Pulsera de plata de primera ley (925) ba\u00f1ada en oro amarillo de 18kt, n\u00facleo de silicona el\u00e1stica,cristal de strass facetado y charm de piedra natural.","robots":{"index":"index","follow":"follow","max-snippet":"max-snippet:-1","max-image-preview":"max-image-preview:large","max-video-preview":"max-video-preview:-1"},"canonical":"https:\/\/lubeljoyeria.com\/?product=pulsera-marina-garcia-zen-british-rose","og_locale":"es_ES","og_type":"article","og_title":"Pulsera Marina Garc\u00eda Zen, British Rose","og_description":"Pulsera de plata de primera ley (925) ba\u00f1ada en oro amarillo de 18kt, n\u00facleo de silicona el\u00e1stica,cristal de strass facetado y charm de piedra natural.","og_url":"https:\/\/lubeljoyeria.com\/?product=pulsera-marina-garcia-zen-british-rose","og_site_name":"Lubel joyeria. Joyeria en Plata . Distribuidor oficial de Swarovski. - Lubel","article_modified_time":"2026-01-28T11:18:58+00:00","og_image":[{"width":757,"height":563,"url":"https:\/\/lubeljoyeria.com\/wp-content\/uploads\/2024\/09\/Screenshot_4.png","type":"image\/png"}],"twitter_card":"summary_large_image","twitter_misc":{"Tiempo de lectura":"1 minuto"},"schema":{"@context":"https:\/\/schema.org","@graph":[{"@type":"WebPage","@id":"https:\/\/lubeljoyeria.com\/?product=pulsera-marina-garcia-zen-british-rose","url":"https:\/\/lubeljoyeria.com\/?product=pulsera-marina-garcia-zen-british-rose","name":"Pulsera Marina Garc\u00eda Zen, British Rose - Distribuidor oficial Marina G","isPartOf":{"@id":"https:\/\/lubeljoyeria.com\/#website"},"primaryImageOfPage":{"@id":"https:\/\/lubeljoyeria.com\/?product=pulsera-marina-garcia-zen-british-rose#primaryimage"},"image":{"@id":"https:\/\/lubeljoyeria.com\/?product=pulsera-marina-garcia-zen-british-rose#primaryimage"},"thumbnailUrl":"https:\/\/lubeljoyeria.com\/wp-content\/uploads\/2024\/09\/Screenshot_4.png","datePublished":"2024-09-18T10:01:52+00:00","dateModified":"2026-01-28T11:18:58+00:00","description":"Pulsera de plata de primera ley (925) ba\u00f1ada en oro amarillo de 18kt, n\u00facleo de silicona el\u00e1stica,cristal de strass facetado y charm de piedra natural.","breadcrumb":{"@id":"https:\/\/lubeljoyeria.com\/?product=pulsera-marina-garcia-zen-british-rose#breadcrumb"},"inLanguage":"es","potentialAction":[{"@type":"ReadAction","target":["https:\/\/lubeljoyeria.com\/?product=pulsera-marina-garcia-zen-british-rose"]}]},{"@type":"ImageObject","inLanguage":"es","@id":"https:\/\/lubeljoyeria.com\/?product=pulsera-marina-garcia-zen-british-rose#primaryimage","url":"https:\/\/lubeljoyeria.com\/wp-content\/uploads\/2024\/09\/Screenshot_4.png","contentUrl":"https:\/\/lubeljoyeria.com\/wp-content\/uploads\/2024\/09\/Screenshot_4.png","width":757,"height":563,"caption":"Pulsera de plata de primera ley (925) ba\u00f1ada en oro amarillo de 18kt, n\u00facleo de silicona el\u00e1stica, cristal de strass facetado y charm de piedra natural. La pulsera Zen es el\u00e1stica y permite pon\u00e9rtela sin necesidad de cierre. Puedes llevarla como pulsera, como gargantilla o como tobillera para el verano. Hay 46 colores distintos para coordinar con tu ropa en cada momento. Puedes combinar dos o m\u00e1s pulseras Zen para conseguir contrastes atrevidos. \u00a1Colecci\u00f3nalas! Tama\u00f1o: 17 cm ( 51 cm en total). Material: Plata de primera ley, ba\u00f1o de oro y cristal de strass facetado. Ref. Marina Garc\u00eda:90919UT"},{"@type":"BreadcrumbList","@id":"https:\/\/lubeljoyeria.com\/?product=pulsera-marina-garcia-zen-british-rose#breadcrumb","itemListElement":[{"@type":"ListItem","position":1,"name":"Home","item":"https:\/\/lubeljoyeria.com\/"},{"@type":"ListItem","position":2,"name":"Tienda","item":"https:\/\/lubeljoyeria.com\/?page_id=6"},{"@type":"ListItem","position":3,"name":"Pulsera Marina Garc\u00eda Zen, British Rose"}]},{"@type":"WebSite","@id":"https:\/\/lubeljoyeria.com\/#website","url":"https:\/\/lubeljoyeria.com\/","name":"Lubel joyeria. Joyeria en Plata . Distribuidor oficial de Swarovski. - Lubel","description":"Lubel joyeria. Joyeria en Plata . Distribuidor oficial de Swarovski. - Lubel","publisher":{"@id":"https:\/\/lubeljoyeria.com\/#organization"},"potentialAction":[{"@type":"SearchAction","target":{"@type":"EntryPoint","urlTemplate":"https:\/\/lubeljoyeria.com\/?s={search_term_string}"},"query-input":{"@type":"PropertyValueSpecification","valueRequired":true,"valueName":"search_term_string"}}],"inLanguage":"es"},{"@type":"Organization","@id":"https:\/\/lubeljoyeria.com\/#organization","name":"Lubel joyeria. Joyeria en Plata . Distribuidor oficial de Swarovski. - Lubel","url":"https:\/\/lubeljoyeria.com\/","logo":{"@type":"ImageObject","inLanguage":"es","@id":"https:\/\/lubeljoyeria.com\/#\/schema\/logo\/image\/","url":"https:\/\/lubeljoyeria.com\/wp-content\/uploads\/2020\/10\/lubel-joyeria-logo-1543825573-1.png","contentUrl":"https:\/\/lubeljoyeria.com\/wp-content\/uploads\/2020\/10\/lubel-joyeria-logo-1543825573-1.png","width":135,"height":31,"caption":"Lubel joyeria. Joyeria en Plata . Distribuidor oficial de Swarovski. - Lubel"},"image":{"@id":"https:\/\/lubeljoyeria.com\/#\/schema\/logo\/image\/"}}]}},"_links":{"self":[{"href":"https:\/\/lubeljoyeria.com\/index.php?rest_route=\/wp\/v2\/product\/26699","targetHints":{"allow":["GET"]}}],"collection":[{"href":"https:\/\/lubeljoyeria.com\/index.php?rest_route=\/wp\/v2\/product"}],"about":[{"href":"https:\/\/lubeljoyeria.com\/index.php?rest_route=\/wp\/v2\/types\/product"}],"wp:featuredmedia":[{"embeddable":true,"href":"https:\/\/lubeljoyeria.com\/index.php?rest_route=\/wp\/v2\/media\/26704"}],"wp:attachment":[{"href":"https:\/\/lubeljoyeria.com\/index.php?rest_route=%2Fwp%2Fv2%2Fmedia&parent=26699"}],"wp:term":[{"taxonomy":"product_brand","embeddable":true,"href":"https:\/\/lubeljoyeria.com\/index.php?rest_route=%2Fwp%2Fv2%2Fproduct_brand&post=26699"},{"taxonomy":"product_cat","embeddable":true,"href":"https:\/\/lubeljoyeria.com\/index.php?rest_route=%2Fwp%2Fv2%2Fproduct_cat&post=26699"},{"taxonomy":"product_tag","embeddable":true,"href":"https:\/\/lubeljoyeria.com\/index.php?rest_route=%2Fwp%2Fv2%2Fproduct_tag&post=26699"}],"curies":[{"name":"wp","href":"https:\/\/api.w.org\/{rel}","templated":true}]}}