{"id":25462,"date":"2024-03-14T09:48:10","date_gmt":"2024-03-14T09:48:10","guid":{"rendered":"https:\/\/lubeljoyeria.com\/?post_type=product&#038;p=25462"},"modified":"2026-02-04T10:38:07","modified_gmt":"2026-02-04T10:38:07","slug":"reloj-swarovski-dextera-bangle","status":"publish","type":"product","link":"https:\/\/lubeljoyeria.com\/?product=reloj-swarovski-dextera-bangle","title":{"rendered":"Reloj Swarovski Dextera Bangle"},"content":{"rendered":"<p>Este reloj con brazalete Dextera capta la belleza de la emblem\u00e1tica forma octogonal de Swarovski y ofrece un meticuloso despliegue de simetr\u00eda alrededor de la mu\u00f1eca. La caja de 20\u00a0mm x 30,5\u00a0mm presenta un acabado en tono oro champ\u00e1n y est\u00e1 adornada con un bisel que incorpora 92 cristales engastados en pav\u00e9. Esto proporciona un marco perfecto para la esfera iridiscente, que incorpora el logotipo de cisne a las 12 y tres marcadores de \u00edndice adornados con cristales. Este reloj incorpora tambi\u00e9n una \u00fanica piedra deslumbrante engastada en la corona, y cobra vida gracias a los 194 cristales engastados a lo largo de la pulsera ajustable, que proporcionan una belleza excepcional a todas horas. Este reloj Swiss Made es sumergible hasta 30\u00a0m y combina una alegre extravagancia con el savoir-faire caracter\u00edstico de Swarovski.<\/p>\n<ul id=\"product-details-classifications-ellipsis\" class=\"swa-product-details__drawer__specs swa-text-sans--small\">\n<li>Tama\u00f1o de la caja: 30.5 mm. x 19 mm.<\/li>\n<li>Material:\u00a0 Cristales,\u00a0PVD tono oro champ\u00e1n<\/li>\n<li>Material de la correa:\u00a0 Cristales<\/li>\n<\/ul>\n<p>&nbsp;<\/p>\n","protected":false},"excerpt":{"rendered":"<p>Este reloj con brazalete Dextera capta la belleza de la emblem\u00e1tica forma octogonal de Swarovski y ofrece un meticuloso despliegue de simetr\u00eda alrededor de la mu\u00f1eca. La caja de 20\u00a0mm x 30,5\u00a0mm presenta un acabado en tono oro champ\u00e1n y est\u00e1 adornada con un bisel que incorpora 92 cristales engastados en pav\u00e9. Esto proporciona un marco perfecto para la esfera iridiscente, que incorpora el logotipo de cisne a las 12 y tres marcadores de \u00edndice adornados con cristales. Este reloj incorpora tambi\u00e9n una \u00fanica piedra deslumbrante engastada en la corona, y cobra vida gracias a los 194 cristales engastados a lo largo de la pulsera ajustable, que proporcionan una belleza excepcional a todas horas. Este reloj Swiss Made es sumergible hasta 30\u00a0m y combina una alegre extravagancia con el savoir-faire caracter\u00edstico de Swarovski.<\/p>\n<ul id=\"product-details-classifications-ellipsis\" class=\"swa-product-details__drawer__specs swa-text-sans--small\">\n<li>Tama\u00f1o de la caja: 30.5 mm. x 19 mm.<\/li>\n<li>Material:\u00a0 Cristales,\u00a0PVD tono oro champ\u00e1n<\/li>\n<li>Material de la correa:\u00a0 Cristales<\/li>\n<\/ul>\n","protected":false},"featured_media":25463,"template":"","meta":{"_joinchat":[]},"product_brand":[1437],"product_cat":[1463,1464,1470,1531,1487,1500,1469],"product_tag":[],"class_list":{"0":"post-25462","1":"product","2":"type-product","3":"status-publish","4":"has-post-thumbnail","6":"product_brand-swarovski","7":"product_cat-inicio","8":"product_cat-principal","9":"product_cat-swarovski","10":"product_cat-relojes-swarovski","11":"product_cat-relojes-principal","12":"product_cat-swarovski-relojes-principal","13":"product_cat-relojes","14":"sales-flash-overlay","15":"woocommerce-text-align-center","16":"woocommerce-image-align-center","17":"do-quantity-buttons","18":"wc-has-gallery","20":"first","21":"instock","22":"sale","23":"taxable","24":"shipping-taxable","25":"purchasable","26":"product-type-simple"},"yoast_head":"<!-- This site is optimized with the Yoast SEO Premium plugin v22.5 (Yoast SEO v26.5) - https:\/\/yoast.com\/wordpress\/plugins\/seo\/ -->\n<title>Reloj Swarovski Dextera Bangle - Distribuidor oficial de Swarovski<\/title>\n<meta name=\"description\" content=\"Este reloj con brazalete Dextera capta la belleza de la emblem\u00e1tica forma octogonal de Swarovski y ofrece una simetr\u00eda perfecta.\" \/>\n<meta name=\"robots\" content=\"index, follow, max-snippet:-1, max-image-preview:large, max-video-preview:-1\" \/>\n<link rel=\"canonical\" href=\"https:\/\/lubeljoyeria.com\/?product=reloj-swarovski-dextera-bangle\" \/>\n<meta property=\"og:locale\" content=\"es_ES\" \/>\n<meta property=\"og:type\" content=\"article\" \/>\n<meta property=\"og:title\" content=\"Reloj Swarovski Dextera Bangle\" \/>\n<meta property=\"og:description\" content=\"Este reloj con brazalete Dextera capta la belleza de la emblem\u00e1tica forma octogonal de Swarovski y ofrece una simetr\u00eda perfecta.\" \/>\n<meta property=\"og:url\" content=\"https:\/\/lubeljoyeria.com\/?product=reloj-swarovski-dextera-bangle\" \/>\n<meta property=\"og:site_name\" content=\"Lubel joyeria. Joyeria en Plata . Distribuidor oficial de Swarovski. - Lubel\" \/>\n<meta property=\"article:modified_time\" content=\"2026-02-04T10:38:07+00:00\" \/>\n<meta property=\"og:image\" content=\"https:\/\/lubeljoyeria.com\/wp-content\/uploads\/2024\/03\/Screenshot_7.png\" \/>\n\t<meta property=\"og:image:width\" content=\"545\" \/>\n\t<meta property=\"og:image:height\" content=\"551\" \/>\n\t<meta property=\"og:image:type\" content=\"image\/png\" \/>\n<meta name=\"twitter:card\" content=\"summary_large_image\" \/>\n<meta name=\"twitter:label1\" content=\"Tiempo de lectura\" \/>\n\t<meta name=\"twitter:data1\" content=\"1 minuto\" \/>\n<script type=\"application\/ld+json\" class=\"yoast-schema-graph\">{\"@context\":\"https:\/\/schema.org\",\"@graph\":[{\"@type\":\"WebPage\",\"@id\":\"https:\/\/lubeljoyeria.com\/?product=reloj-swarovski-dextera-bangle\",\"url\":\"https:\/\/lubeljoyeria.com\/?product=reloj-swarovski-dextera-bangle\",\"name\":\"Reloj Swarovski Dextera Bangle - Distribuidor oficial de Swarovski\",\"isPartOf\":{\"@id\":\"https:\/\/lubeljoyeria.com\/#website\"},\"primaryImageOfPage\":{\"@id\":\"https:\/\/lubeljoyeria.com\/?product=reloj-swarovski-dextera-bangle#primaryimage\"},\"image\":{\"@id\":\"https:\/\/lubeljoyeria.com\/?product=reloj-swarovski-dextera-bangle#primaryimage\"},\"thumbnailUrl\":\"https:\/\/lubeljoyeria.com\/wp-content\/uploads\/2024\/03\/Screenshot_7.png\",\"datePublished\":\"2024-03-14T09:48:10+00:00\",\"dateModified\":\"2026-02-04T10:38:07+00:00\",\"description\":\"Este reloj con brazalete Dextera capta la belleza de la emblem\u00e1tica forma octogonal de Swarovski y ofrece una simetr\u00eda perfecta.\",\"breadcrumb\":{\"@id\":\"https:\/\/lubeljoyeria.com\/?product=reloj-swarovski-dextera-bangle#breadcrumb\"},\"inLanguage\":\"es\",\"potentialAction\":[{\"@type\":\"ReadAction\",\"target\":[\"https:\/\/lubeljoyeria.com\/?product=reloj-swarovski-dextera-bangle\"]}]},{\"@type\":\"ImageObject\",\"inLanguage\":\"es\",\"@id\":\"https:\/\/lubeljoyeria.com\/?product=reloj-swarovski-dextera-bangle#primaryimage\",\"url\":\"https:\/\/lubeljoyeria.com\/wp-content\/uploads\/2024\/03\/Screenshot_7.png\",\"contentUrl\":\"https:\/\/lubeljoyeria.com\/wp-content\/uploads\/2024\/03\/Screenshot_7.png\",\"width\":545,\"height\":551,\"caption\":\"Este reloj con brazalete Dextera capta la belleza de la emblem\u00e1tica forma octogonal de Swarovski y ofrece un meticuloso despliegue de simetr\u00eda alrededor de la mu\u00f1eca. La caja de 20\u00a0mm x 30,5\u00a0mm presenta un acabado en tono oro champ\u00e1n y est\u00e1 adornada con un bisel que incorpora 92 cristales engastados en pav\u00e9. Esto proporciona un marco perfecto para la esfera iridiscente, que incorpora el logotipo de cisne a las 12 y tres marcadores de \u00edndice adornados con cristales. Este reloj incorpora tambi\u00e9n una \u00fanica piedra deslumbrante engastada en la corona, y cobra vida gracias a los 194 cristales engastados a lo largo de la pulsera ajustable, que proporcionan una belleza excepcional a todas horas. Este reloj Swiss Made es sumergible hasta 30\u00a0m y combina una alegre extravagancia con el savoir-faire caracter\u00edstico de Swarovski. Tama\u00f1o de la caja: 30.5 mm. x 19 mm. Material:\u00a0 Cristales,\u00a0PVD tono oro champ\u00e1n Material de la correa:\u00a0 Cristales\"},{\"@type\":\"BreadcrumbList\",\"@id\":\"https:\/\/lubeljoyeria.com\/?product=reloj-swarovski-dextera-bangle#breadcrumb\",\"itemListElement\":[{\"@type\":\"ListItem\",\"position\":1,\"name\":\"Home\",\"item\":\"https:\/\/lubeljoyeria.com\/\"},{\"@type\":\"ListItem\",\"position\":2,\"name\":\"Tienda\",\"item\":\"https:\/\/lubeljoyeria.com\/?page_id=6\"},{\"@type\":\"ListItem\",\"position\":3,\"name\":\"Reloj Swarovski Dextera Bangle\"}]},{\"@type\":\"WebSite\",\"@id\":\"https:\/\/lubeljoyeria.com\/#website\",\"url\":\"https:\/\/lubeljoyeria.com\/\",\"name\":\"Lubel joyeria. Joyeria en Plata . Distribuidor oficial de Swarovski. - Lubel\",\"description\":\"Lubel joyeria. Joyeria en Plata . Distribuidor oficial de Swarovski. - Lubel\",\"publisher\":{\"@id\":\"https:\/\/lubeljoyeria.com\/#organization\"},\"potentialAction\":[{\"@type\":\"SearchAction\",\"target\":{\"@type\":\"EntryPoint\",\"urlTemplate\":\"https:\/\/lubeljoyeria.com\/?s={search_term_string}\"},\"query-input\":{\"@type\":\"PropertyValueSpecification\",\"valueRequired\":true,\"valueName\":\"search_term_string\"}}],\"inLanguage\":\"es\"},{\"@type\":\"Organization\",\"@id\":\"https:\/\/lubeljoyeria.com\/#organization\",\"name\":\"Lubel joyeria. Joyeria en Plata . Distribuidor oficial de Swarovski. - Lubel\",\"url\":\"https:\/\/lubeljoyeria.com\/\",\"logo\":{\"@type\":\"ImageObject\",\"inLanguage\":\"es\",\"@id\":\"https:\/\/lubeljoyeria.com\/#\/schema\/logo\/image\/\",\"url\":\"https:\/\/lubeljoyeria.com\/wp-content\/uploads\/2020\/10\/lubel-joyeria-logo-1543825573-1.png\",\"contentUrl\":\"https:\/\/lubeljoyeria.com\/wp-content\/uploads\/2020\/10\/lubel-joyeria-logo-1543825573-1.png\",\"width\":135,\"height\":31,\"caption\":\"Lubel joyeria. Joyeria en Plata . Distribuidor oficial de Swarovski. - Lubel\"},\"image\":{\"@id\":\"https:\/\/lubeljoyeria.com\/#\/schema\/logo\/image\/\"}}]}<\/script>\n<!-- \/ Yoast SEO Premium plugin. -->","yoast_head_json":{"title":"Reloj Swarovski Dextera Bangle - Distribuidor oficial de Swarovski","description":"Este reloj con brazalete Dextera capta la belleza de la emblem\u00e1tica forma octogonal de Swarovski y ofrece una simetr\u00eda perfecta.","robots":{"index":"index","follow":"follow","max-snippet":"max-snippet:-1","max-image-preview":"max-image-preview:large","max-video-preview":"max-video-preview:-1"},"canonical":"https:\/\/lubeljoyeria.com\/?product=reloj-swarovski-dextera-bangle","og_locale":"es_ES","og_type":"article","og_title":"Reloj Swarovski Dextera Bangle","og_description":"Este reloj con brazalete Dextera capta la belleza de la emblem\u00e1tica forma octogonal de Swarovski y ofrece una simetr\u00eda perfecta.","og_url":"https:\/\/lubeljoyeria.com\/?product=reloj-swarovski-dextera-bangle","og_site_name":"Lubel joyeria. Joyeria en Plata . Distribuidor oficial de Swarovski. - Lubel","article_modified_time":"2026-02-04T10:38:07+00:00","og_image":[{"width":545,"height":551,"url":"https:\/\/lubeljoyeria.com\/wp-content\/uploads\/2024\/03\/Screenshot_7.png","type":"image\/png"}],"twitter_card":"summary_large_image","twitter_misc":{"Tiempo de lectura":"1 minuto"},"schema":{"@context":"https:\/\/schema.org","@graph":[{"@type":"WebPage","@id":"https:\/\/lubeljoyeria.com\/?product=reloj-swarovski-dextera-bangle","url":"https:\/\/lubeljoyeria.com\/?product=reloj-swarovski-dextera-bangle","name":"Reloj Swarovski Dextera Bangle - Distribuidor oficial de Swarovski","isPartOf":{"@id":"https:\/\/lubeljoyeria.com\/#website"},"primaryImageOfPage":{"@id":"https:\/\/lubeljoyeria.com\/?product=reloj-swarovski-dextera-bangle#primaryimage"},"image":{"@id":"https:\/\/lubeljoyeria.com\/?product=reloj-swarovski-dextera-bangle#primaryimage"},"thumbnailUrl":"https:\/\/lubeljoyeria.com\/wp-content\/uploads\/2024\/03\/Screenshot_7.png","datePublished":"2024-03-14T09:48:10+00:00","dateModified":"2026-02-04T10:38:07+00:00","description":"Este reloj con brazalete Dextera capta la belleza de la emblem\u00e1tica forma octogonal de Swarovski y ofrece una simetr\u00eda perfecta.","breadcrumb":{"@id":"https:\/\/lubeljoyeria.com\/?product=reloj-swarovski-dextera-bangle#breadcrumb"},"inLanguage":"es","potentialAction":[{"@type":"ReadAction","target":["https:\/\/lubeljoyeria.com\/?product=reloj-swarovski-dextera-bangle"]}]},{"@type":"ImageObject","inLanguage":"es","@id":"https:\/\/lubeljoyeria.com\/?product=reloj-swarovski-dextera-bangle#primaryimage","url":"https:\/\/lubeljoyeria.com\/wp-content\/uploads\/2024\/03\/Screenshot_7.png","contentUrl":"https:\/\/lubeljoyeria.com\/wp-content\/uploads\/2024\/03\/Screenshot_7.png","width":545,"height":551,"caption":"Este reloj con brazalete Dextera capta la belleza de la emblem\u00e1tica forma octogonal de Swarovski y ofrece un meticuloso despliegue de simetr\u00eda alrededor de la mu\u00f1eca. La caja de 20\u00a0mm x 30,5\u00a0mm presenta un acabado en tono oro champ\u00e1n y est\u00e1 adornada con un bisel que incorpora 92 cristales engastados en pav\u00e9. Esto proporciona un marco perfecto para la esfera iridiscente, que incorpora el logotipo de cisne a las 12 y tres marcadores de \u00edndice adornados con cristales. Este reloj incorpora tambi\u00e9n una \u00fanica piedra deslumbrante engastada en la corona, y cobra vida gracias a los 194 cristales engastados a lo largo de la pulsera ajustable, que proporcionan una belleza excepcional a todas horas. Este reloj Swiss Made es sumergible hasta 30\u00a0m y combina una alegre extravagancia con el savoir-faire caracter\u00edstico de Swarovski. Tama\u00f1o de la caja: 30.5 mm. x 19 mm. Material:\u00a0 Cristales,\u00a0PVD tono oro champ\u00e1n Material de la correa:\u00a0 Cristales"},{"@type":"BreadcrumbList","@id":"https:\/\/lubeljoyeria.com\/?product=reloj-swarovski-dextera-bangle#breadcrumb","itemListElement":[{"@type":"ListItem","position":1,"name":"Home","item":"https:\/\/lubeljoyeria.com\/"},{"@type":"ListItem","position":2,"name":"Tienda","item":"https:\/\/lubeljoyeria.com\/?page_id=6"},{"@type":"ListItem","position":3,"name":"Reloj Swarovski Dextera Bangle"}]},{"@type":"WebSite","@id":"https:\/\/lubeljoyeria.com\/#website","url":"https:\/\/lubeljoyeria.com\/","name":"Lubel joyeria. Joyeria en Plata . Distribuidor oficial de Swarovski. - Lubel","description":"Lubel joyeria. Joyeria en Plata . Distribuidor oficial de Swarovski. - Lubel","publisher":{"@id":"https:\/\/lubeljoyeria.com\/#organization"},"potentialAction":[{"@type":"SearchAction","target":{"@type":"EntryPoint","urlTemplate":"https:\/\/lubeljoyeria.com\/?s={search_term_string}"},"query-input":{"@type":"PropertyValueSpecification","valueRequired":true,"valueName":"search_term_string"}}],"inLanguage":"es"},{"@type":"Organization","@id":"https:\/\/lubeljoyeria.com\/#organization","name":"Lubel joyeria. Joyeria en Plata . Distribuidor oficial de Swarovski. - Lubel","url":"https:\/\/lubeljoyeria.com\/","logo":{"@type":"ImageObject","inLanguage":"es","@id":"https:\/\/lubeljoyeria.com\/#\/schema\/logo\/image\/","url":"https:\/\/lubeljoyeria.com\/wp-content\/uploads\/2020\/10\/lubel-joyeria-logo-1543825573-1.png","contentUrl":"https:\/\/lubeljoyeria.com\/wp-content\/uploads\/2020\/10\/lubel-joyeria-logo-1543825573-1.png","width":135,"height":31,"caption":"Lubel joyeria. Joyeria en Plata . Distribuidor oficial de Swarovski. - Lubel"},"image":{"@id":"https:\/\/lubeljoyeria.com\/#\/schema\/logo\/image\/"}}]}},"_links":{"self":[{"href":"https:\/\/lubeljoyeria.com\/index.php?rest_route=\/wp\/v2\/product\/25462","targetHints":{"allow":["GET"]}}],"collection":[{"href":"https:\/\/lubeljoyeria.com\/index.php?rest_route=\/wp\/v2\/product"}],"about":[{"href":"https:\/\/lubeljoyeria.com\/index.php?rest_route=\/wp\/v2\/types\/product"}],"wp:featuredmedia":[{"embeddable":true,"href":"https:\/\/lubeljoyeria.com\/index.php?rest_route=\/wp\/v2\/media\/25463"}],"wp:attachment":[{"href":"https:\/\/lubeljoyeria.com\/index.php?rest_route=%2Fwp%2Fv2%2Fmedia&parent=25462"}],"wp:term":[{"taxonomy":"product_brand","embeddable":true,"href":"https:\/\/lubeljoyeria.com\/index.php?rest_route=%2Fwp%2Fv2%2Fproduct_brand&post=25462"},{"taxonomy":"product_cat","embeddable":true,"href":"https:\/\/lubeljoyeria.com\/index.php?rest_route=%2Fwp%2Fv2%2Fproduct_cat&post=25462"},{"taxonomy":"product_tag","embeddable":true,"href":"https:\/\/lubeljoyeria.com\/index.php?rest_route=%2Fwp%2Fv2%2Fproduct_tag&post=25462"}],"curies":[{"name":"wp","href":"https:\/\/api.w.org\/{rel}","templated":true}]}}