{"id":24898,"date":"2023-10-31T18:57:41","date_gmt":"2023-10-31T18:57:41","guid":{"rendered":"https:\/\/lubeljoyeria.com\/?post_type=product&#038;p=24898"},"modified":"2024-05-04T15:36:07","modified_gmt":"2024-05-04T15:36:07","slug":"pendientes-swarovski-dextera-6","status":"publish","type":"product","link":"https:\/\/lubeljoyeria.com\/?product=pendientes-swarovski-dextera-6","title":{"rendered":"Pendientes Swarovski, Dextera"},"content":{"rendered":"<div class=\"swa-accessible-tab__description-first\">Estos aros entrelazados Dextera presentan dos aros tubulares ba\u00f1ados en rodio, uno de ellos con pav\u00e9. Para darle un toque asim\u00e9trico, la posici\u00f3n de los aros es diferente en cada pieza y, para una mayor versatilidad, puedes separar el segundo aro para conseguir un estilo de aro \u00fanico. <span class=\"fe5nidar khvhiq1o r5qsrrlp i5tg98hk f9ovudaz przvwfww gx1rr48f gfz4du6o r7fjleex nz2484kf svot0ezm dcnh1tix sxl192xd t3g6t33p\"><span class=\"mpj7bzys xzlurrtv\">\ud83d\udc93<\/span><\/span><\/div>\n<div class=\"swa-accessible-tab__description-sec\">\n<ul id=\"product-details-classifications-ellipsis\" class=\"swa-product-details__drawer__specs swa-text-sans--small\">\n<li>Tama\u00f1o: 2.7 x 1.8 x 1.3 cm<\/li>\n<li>Material:\u00a0 Ba\u00f1o de rodio y cristales Swarovski.<\/li>\n<\/ul>\n<\/div>\n","protected":false},"excerpt":{"rendered":"<div class=\"swa-accessible-tab__description-first\">Estos aros entrelazados Dextera presentan dos aros tubulares ba\u00f1ados en rodio, uno de ellos con pav\u00e9. Para darle un toque asim\u00e9trico, la posici\u00f3n de los aros es diferente en cada pieza y, para una mayor versatilidad, puedes separar el segundo aro para conseguir un estilo de aro \u00fanico. <span class=\"fe5nidar khvhiq1o r5qsrrlp i5tg98hk f9ovudaz przvwfww gx1rr48f gfz4du6o r7fjleex nz2484kf svot0ezm dcnh1tix sxl192xd t3g6t33p\"><span class=\"mpj7bzys xzlurrtv\">\ud83d\udc93<\/span><\/span><\/div>\n<div class=\"swa-accessible-tab__description-sec\">\n<ul id=\"product-details-classifications-ellipsis\" class=\"swa-product-details__drawer__specs swa-text-sans--small\">\n<li>Tama\u00f1o: 2.7 x 1.8 x 1.3 cm<\/li>\n<li>Material:\u00a0 Ba\u00f1o de rodio y cristales Swarovski.<\/li>\n<\/ul>\n<\/div>\n","protected":false},"featured_media":24899,"template":"","meta":{"_joinchat":[]},"product_brand":[1437],"product_cat":[1463,1464,1470,1512],"product_tag":[],"class_list":{"0":"post-24898","1":"product","2":"type-product","3":"status-publish","4":"has-post-thumbnail","6":"product_brand-swarovski","7":"product_cat-inicio","8":"product_cat-principal","9":"product_cat-swarovski","10":"product_cat-pendientes-swarovski","11":"sales-flash-overlay","12":"woocommerce-text-align-center","13":"woocommerce-image-align-center","14":"do-quantity-buttons","15":"wc-has-gallery","17":"first","18":"instock","19":"taxable","20":"shipping-taxable","21":"purchasable","22":"product-type-simple"},"yoast_head":"<!-- This site is optimized with the Yoast SEO Premium plugin v22.5 (Yoast SEO v26.5) - https:\/\/yoast.com\/wordpress\/plugins\/seo\/ -->\n<title>Pendientes Swarovski, Dextera - Distribuidor oficial Swarovski<\/title>\n<meta name=\"description\" content=\"Estos aros entrelazados presentan dos aros tubulares ba\u00f1ados en rodio, uno de ellos con pav\u00e9. Para darle un toque asim\u00e9trico.\" \/>\n<meta name=\"robots\" content=\"index, follow, max-snippet:-1, max-image-preview:large, max-video-preview:-1\" \/>\n<link rel=\"canonical\" href=\"https:\/\/lubeljoyeria.com\/producto\/pendientes-swarovski-dextera-6\" \/>\n<meta property=\"og:locale\" content=\"es_ES\" \/>\n<meta property=\"og:type\" content=\"article\" \/>\n<meta property=\"og:title\" content=\"Pendientes Swarovski, Dextera\" \/>\n<meta property=\"og:description\" content=\"Estos aros entrelazados presentan dos aros tubulares ba\u00f1ados en rodio, uno de ellos con pav\u00e9. Para darle un toque asim\u00e9trico.\" \/>\n<meta property=\"og:url\" content=\"https:\/\/lubeljoyeria.com\/producto\/pendientes-swarovski-dextera-6\" \/>\n<meta property=\"og:site_name\" content=\"Lubel joyeria. Joyeria en Plata . Distribuidor oficial de Swarovski. - Lubel\" \/>\n<meta property=\"article:modified_time\" content=\"2024-05-04T15:36:07+00:00\" \/>\n<meta property=\"og:image\" content=\"https:\/\/lubeljoyeria.com\/wp-content\/uploads\/2023\/10\/5671807-2.png\" \/>\n\t<meta property=\"og:image:width\" content=\"718\" \/>\n\t<meta property=\"og:image:height\" content=\"577\" \/>\n\t<meta property=\"og:image:type\" content=\"image\/png\" \/>\n<meta name=\"twitter:card\" content=\"summary_large_image\" \/>\n<meta name=\"twitter:label1\" content=\"Tiempo de lectura\" \/>\n\t<meta name=\"twitter:data1\" content=\"1 minuto\" \/>\n<script type=\"application\/ld+json\" class=\"yoast-schema-graph\">{\"@context\":\"https:\/\/schema.org\",\"@graph\":[{\"@type\":\"WebPage\",\"@id\":\"https:\/\/lubeljoyeria.com\/producto\/pendientes-swarovski-dextera-6\",\"url\":\"https:\/\/lubeljoyeria.com\/producto\/pendientes-swarovski-dextera-6\",\"name\":\"Pendientes Swarovski, Dextera - Distribuidor oficial Swarovski\",\"isPartOf\":{\"@id\":\"https:\/\/lubeljoyeria.com\/#website\"},\"primaryImageOfPage\":{\"@id\":\"https:\/\/lubeljoyeria.com\/producto\/pendientes-swarovski-dextera-6#primaryimage\"},\"image\":{\"@id\":\"https:\/\/lubeljoyeria.com\/producto\/pendientes-swarovski-dextera-6#primaryimage\"},\"thumbnailUrl\":\"https:\/\/lubeljoyeria.com\/wp-content\/uploads\/2023\/10\/5671807-2.png\",\"datePublished\":\"2023-10-31T18:57:41+00:00\",\"dateModified\":\"2024-05-04T15:36:07+00:00\",\"description\":\"Estos aros entrelazados presentan dos aros tubulares ba\u00f1ados en rodio, uno de ellos con pav\u00e9. Para darle un toque asim\u00e9trico.\",\"breadcrumb\":{\"@id\":\"https:\/\/lubeljoyeria.com\/producto\/pendientes-swarovski-dextera-6#breadcrumb\"},\"inLanguage\":\"es\",\"potentialAction\":[{\"@type\":\"ReadAction\",\"target\":[\"https:\/\/lubeljoyeria.com\/producto\/pendientes-swarovski-dextera-6\"]}]},{\"@type\":\"ImageObject\",\"inLanguage\":\"es\",\"@id\":\"https:\/\/lubeljoyeria.com\/producto\/pendientes-swarovski-dextera-6#primaryimage\",\"url\":\"https:\/\/lubeljoyeria.com\/wp-content\/uploads\/2023\/10\/5671807-2.png\",\"contentUrl\":\"https:\/\/lubeljoyeria.com\/wp-content\/uploads\/2023\/10\/5671807-2.png\",\"width\":718,\"height\":577,\"caption\":\"Estos aros entrelazados Dextera presentan dos aros tubulares ba\u00f1ados en rodio, uno de ellos con pav\u00e9. Para darle un toque asim\u00e9trico, la posici\u00f3n de los aros es diferente en cada pieza y, para una mayor versatilidad, puedes separar el segundo aro para conseguir un estilo de aro \u00fanico. \ud83d\udc93 Tama\u00f1o: 2.7 x 1.8 x 1.3 cm Material:\u00a0 Ba\u00f1o de rodio y cristales Swarovski.\"},{\"@type\":\"BreadcrumbList\",\"@id\":\"https:\/\/lubeljoyeria.com\/producto\/pendientes-swarovski-dextera-6#breadcrumb\",\"itemListElement\":[{\"@type\":\"ListItem\",\"position\":1,\"name\":\"Home\",\"item\":\"https:\/\/lubeljoyeria.com\/\"},{\"@type\":\"ListItem\",\"position\":2,\"name\":\"Tienda\",\"item\":\"https:\/\/lubeljoyeria.com\/?page_id=6\"},{\"@type\":\"ListItem\",\"position\":3,\"name\":\"Pendientes Swarovski, Dextera\"}]},{\"@type\":\"WebSite\",\"@id\":\"https:\/\/lubeljoyeria.com\/#website\",\"url\":\"https:\/\/lubeljoyeria.com\/\",\"name\":\"Lubel joyeria. Joyeria en Plata . Distribuidor oficial de Swarovski. - Lubel\",\"description\":\"Lubel joyeria. Joyeria en Plata . Distribuidor oficial de Swarovski. - Lubel\",\"publisher\":{\"@id\":\"https:\/\/lubeljoyeria.com\/#organization\"},\"potentialAction\":[{\"@type\":\"SearchAction\",\"target\":{\"@type\":\"EntryPoint\",\"urlTemplate\":\"https:\/\/lubeljoyeria.com\/?s={search_term_string}\"},\"query-input\":{\"@type\":\"PropertyValueSpecification\",\"valueRequired\":true,\"valueName\":\"search_term_string\"}}],\"inLanguage\":\"es\"},{\"@type\":\"Organization\",\"@id\":\"https:\/\/lubeljoyeria.com\/#organization\",\"name\":\"Lubel joyeria. Joyeria en Plata . Distribuidor oficial de Swarovski. - Lubel\",\"url\":\"https:\/\/lubeljoyeria.com\/\",\"logo\":{\"@type\":\"ImageObject\",\"inLanguage\":\"es\",\"@id\":\"https:\/\/lubeljoyeria.com\/#\/schema\/logo\/image\/\",\"url\":\"https:\/\/lubeljoyeria.com\/wp-content\/uploads\/2020\/10\/lubel-joyeria-logo-1543825573-1.png\",\"contentUrl\":\"https:\/\/lubeljoyeria.com\/wp-content\/uploads\/2020\/10\/lubel-joyeria-logo-1543825573-1.png\",\"width\":135,\"height\":31,\"caption\":\"Lubel joyeria. Joyeria en Plata . Distribuidor oficial de Swarovski. - Lubel\"},\"image\":{\"@id\":\"https:\/\/lubeljoyeria.com\/#\/schema\/logo\/image\/\"}}]}<\/script>\n<!-- \/ Yoast SEO Premium plugin. -->","yoast_head_json":{"title":"Pendientes Swarovski, Dextera - Distribuidor oficial Swarovski","description":"Estos aros entrelazados presentan dos aros tubulares ba\u00f1ados en rodio, uno de ellos con pav\u00e9. Para darle un toque asim\u00e9trico.","robots":{"index":"index","follow":"follow","max-snippet":"max-snippet:-1","max-image-preview":"max-image-preview:large","max-video-preview":"max-video-preview:-1"},"canonical":"https:\/\/lubeljoyeria.com\/producto\/pendientes-swarovski-dextera-6","og_locale":"es_ES","og_type":"article","og_title":"Pendientes Swarovski, Dextera","og_description":"Estos aros entrelazados presentan dos aros tubulares ba\u00f1ados en rodio, uno de ellos con pav\u00e9. Para darle un toque asim\u00e9trico.","og_url":"https:\/\/lubeljoyeria.com\/producto\/pendientes-swarovski-dextera-6","og_site_name":"Lubel joyeria. Joyeria en Plata . Distribuidor oficial de Swarovski. - Lubel","article_modified_time":"2024-05-04T15:36:07+00:00","og_image":[{"width":718,"height":577,"url":"https:\/\/lubeljoyeria.com\/wp-content\/uploads\/2023\/10\/5671807-2.png","type":"image\/png"}],"twitter_card":"summary_large_image","twitter_misc":{"Tiempo de lectura":"1 minuto"},"schema":{"@context":"https:\/\/schema.org","@graph":[{"@type":"WebPage","@id":"https:\/\/lubeljoyeria.com\/producto\/pendientes-swarovski-dextera-6","url":"https:\/\/lubeljoyeria.com\/producto\/pendientes-swarovski-dextera-6","name":"Pendientes Swarovski, Dextera - Distribuidor oficial Swarovski","isPartOf":{"@id":"https:\/\/lubeljoyeria.com\/#website"},"primaryImageOfPage":{"@id":"https:\/\/lubeljoyeria.com\/producto\/pendientes-swarovski-dextera-6#primaryimage"},"image":{"@id":"https:\/\/lubeljoyeria.com\/producto\/pendientes-swarovski-dextera-6#primaryimage"},"thumbnailUrl":"https:\/\/lubeljoyeria.com\/wp-content\/uploads\/2023\/10\/5671807-2.png","datePublished":"2023-10-31T18:57:41+00:00","dateModified":"2024-05-04T15:36:07+00:00","description":"Estos aros entrelazados presentan dos aros tubulares ba\u00f1ados en rodio, uno de ellos con pav\u00e9. Para darle un toque asim\u00e9trico.","breadcrumb":{"@id":"https:\/\/lubeljoyeria.com\/producto\/pendientes-swarovski-dextera-6#breadcrumb"},"inLanguage":"es","potentialAction":[{"@type":"ReadAction","target":["https:\/\/lubeljoyeria.com\/producto\/pendientes-swarovski-dextera-6"]}]},{"@type":"ImageObject","inLanguage":"es","@id":"https:\/\/lubeljoyeria.com\/producto\/pendientes-swarovski-dextera-6#primaryimage","url":"https:\/\/lubeljoyeria.com\/wp-content\/uploads\/2023\/10\/5671807-2.png","contentUrl":"https:\/\/lubeljoyeria.com\/wp-content\/uploads\/2023\/10\/5671807-2.png","width":718,"height":577,"caption":"Estos aros entrelazados Dextera presentan dos aros tubulares ba\u00f1ados en rodio, uno de ellos con pav\u00e9. Para darle un toque asim\u00e9trico, la posici\u00f3n de los aros es diferente en cada pieza y, para una mayor versatilidad, puedes separar el segundo aro para conseguir un estilo de aro \u00fanico. \ud83d\udc93 Tama\u00f1o: 2.7 x 1.8 x 1.3 cm Material:\u00a0 Ba\u00f1o de rodio y cristales Swarovski."},{"@type":"BreadcrumbList","@id":"https:\/\/lubeljoyeria.com\/producto\/pendientes-swarovski-dextera-6#breadcrumb","itemListElement":[{"@type":"ListItem","position":1,"name":"Home","item":"https:\/\/lubeljoyeria.com\/"},{"@type":"ListItem","position":2,"name":"Tienda","item":"https:\/\/lubeljoyeria.com\/?page_id=6"},{"@type":"ListItem","position":3,"name":"Pendientes Swarovski, Dextera"}]},{"@type":"WebSite","@id":"https:\/\/lubeljoyeria.com\/#website","url":"https:\/\/lubeljoyeria.com\/","name":"Lubel joyeria. Joyeria en Plata . Distribuidor oficial de Swarovski. - Lubel","description":"Lubel joyeria. Joyeria en Plata . Distribuidor oficial de Swarovski. - Lubel","publisher":{"@id":"https:\/\/lubeljoyeria.com\/#organization"},"potentialAction":[{"@type":"SearchAction","target":{"@type":"EntryPoint","urlTemplate":"https:\/\/lubeljoyeria.com\/?s={search_term_string}"},"query-input":{"@type":"PropertyValueSpecification","valueRequired":true,"valueName":"search_term_string"}}],"inLanguage":"es"},{"@type":"Organization","@id":"https:\/\/lubeljoyeria.com\/#organization","name":"Lubel joyeria. Joyeria en Plata . Distribuidor oficial de Swarovski. - Lubel","url":"https:\/\/lubeljoyeria.com\/","logo":{"@type":"ImageObject","inLanguage":"es","@id":"https:\/\/lubeljoyeria.com\/#\/schema\/logo\/image\/","url":"https:\/\/lubeljoyeria.com\/wp-content\/uploads\/2020\/10\/lubel-joyeria-logo-1543825573-1.png","contentUrl":"https:\/\/lubeljoyeria.com\/wp-content\/uploads\/2020\/10\/lubel-joyeria-logo-1543825573-1.png","width":135,"height":31,"caption":"Lubel joyeria. Joyeria en Plata . Distribuidor oficial de Swarovski. - Lubel"},"image":{"@id":"https:\/\/lubeljoyeria.com\/#\/schema\/logo\/image\/"}}]}},"_links":{"self":[{"href":"https:\/\/lubeljoyeria.com\/index.php?rest_route=\/wp\/v2\/product\/24898","targetHints":{"allow":["GET"]}}],"collection":[{"href":"https:\/\/lubeljoyeria.com\/index.php?rest_route=\/wp\/v2\/product"}],"about":[{"href":"https:\/\/lubeljoyeria.com\/index.php?rest_route=\/wp\/v2\/types\/product"}],"wp:featuredmedia":[{"embeddable":true,"href":"https:\/\/lubeljoyeria.com\/index.php?rest_route=\/wp\/v2\/media\/24899"}],"wp:attachment":[{"href":"https:\/\/lubeljoyeria.com\/index.php?rest_route=%2Fwp%2Fv2%2Fmedia&parent=24898"}],"wp:term":[{"taxonomy":"product_brand","embeddable":true,"href":"https:\/\/lubeljoyeria.com\/index.php?rest_route=%2Fwp%2Fv2%2Fproduct_brand&post=24898"},{"taxonomy":"product_cat","embeddable":true,"href":"https:\/\/lubeljoyeria.com\/index.php?rest_route=%2Fwp%2Fv2%2Fproduct_cat&post=24898"},{"taxonomy":"product_tag","embeddable":true,"href":"https:\/\/lubeljoyeria.com\/index.php?rest_route=%2Fwp%2Fv2%2Fproduct_tag&post=24898"}],"curies":[{"name":"wp","href":"https:\/\/api.w.org\/{rel}","templated":true}]}}