{"id":23662,"date":"2022-10-17T16:09:52","date_gmt":"2022-10-17T16:09:52","guid":{"rendered":"https:\/\/lubeljoyeria.com\/?post_type=product&#038;p=23662"},"modified":"2022-12-19T17:50:24","modified_gmt":"2022-12-19T17:50:24","slug":"pendientes-cross","status":"publish","type":"product","link":"https:\/\/lubeljoyeria.com\/?product=pendientes-cross","title":{"rendered":"Pendientes Cross"},"content":{"rendered":"<p>Las circonitas blancas del pendiente <em>Cross<\/em> le aportan el toque de luz y magia que hace de esta joya una pieza \u00fanica. Un aro con peque\u00f1as circonitas del que cuelga una cruz con circonitas blancas. Unos pendientes \u00fanicos que se convertir\u00e1n en todo un must de tu joyero. \ud83d\ude04<\/p>\n<p>Fabricados en Plata de 1\u00aa Ley 925 con un ba\u00f1o de rodio o de oro 18k.<\/p>\n<ul>\n<li>Di\u00e1metro del aro: 10mm.<\/li>\n<li>Tama\u00f1o del charm: 4x9mm.<\/li>\n<\/ul>\n","protected":false},"excerpt":{"rendered":"<p>Las circonitas blancas del pendiente <em>Cross<\/em> le aportan el toque de luz y magia que hace de esta joya una pieza \u00fanica. Un aro con peque\u00f1as circonitas del que cuelga una cruz con circonitas blancas. Unos pendientes \u00fanicos que se convertir\u00e1n en todo un must de tu joyero. \ud83d\ude04<\/p>\n<p>Fabricados en Plata de 1\u00aa Ley 925 con un ba\u00f1o de rodio o de oro 18k.<\/p>\n<ul>\n<li>Di\u00e1metro del aro: 10mm.<\/li>\n<li>Tama\u00f1o del charm: 4x9mm.<\/li>\n<\/ul>\n","protected":false},"featured_media":23638,"template":"","meta":{"_joinchat":[]},"product_brand":[1438],"product_cat":[1463,1464,1473,1489],"product_tag":[],"class_list":{"0":"post-23662","1":"product","2":"type-product","3":"status-publish","4":"has-post-thumbnail","6":"product_brand-joyeria-en-plata","7":"product_cat-inicio","8":"product_cat-principal","9":"product_cat-joyeria-en-plata","10":"product_cat-pendientes-joyeria-en-plata","11":"pa_acabadoscolganteharu-plata","12":"pa_acabadoscolganteharu-banooro","13":"sales-flash-overlay","14":"woocommerce-text-align-center","15":"woocommerce-image-align-center","16":"do-quantity-buttons","18":"first","19":"instock","20":"taxable","21":"shipping-taxable","22":"purchasable","23":"product-type-variable"},"yoast_head":"<!-- This site is optimized with the Yoast SEO Premium plugin v22.5 (Yoast SEO v26.5) - https:\/\/yoast.com\/wordpress\/plugins\/seo\/ -->\n<title>Pendientes Cross - Fabricados en Plata de 1\u00aa Ley 925 - Lubeljoyeria.com<\/title>\n<meta name=\"description\" content=\"Las circonitas del pendiente Cross le aportan luz y magia que hace de esta joya \u00fanica. Un aro con circonitas del que cuelga una cruz.\" \/>\n<meta name=\"robots\" content=\"index, follow, max-snippet:-1, max-image-preview:large, max-video-preview:-1\" \/>\n<link rel=\"canonical\" href=\"https:\/\/lubeljoyeria.com\/producto\/pendientes-cross\" \/>\n<meta property=\"og:locale\" content=\"es_ES\" \/>\n<meta property=\"og:type\" content=\"article\" \/>\n<meta property=\"og:title\" content=\"Pendientes Cross\" \/>\n<meta property=\"og:description\" content=\"Las circonitas del pendiente Cross le aportan luz y magia que hace de esta joya \u00fanica. Un aro con circonitas del que cuelga una cruz.\" \/>\n<meta property=\"og:url\" content=\"https:\/\/lubeljoyeria.com\/producto\/pendientes-cross\" \/>\n<meta property=\"og:site_name\" content=\"Lubel joyeria. Joyeria en Plata . Distribuidor oficial de Swarovski. - Lubel\" \/>\n<meta property=\"article:modified_time\" content=\"2022-12-19T17:50:24+00:00\" \/>\n<meta property=\"og:image\" content=\"https:\/\/lubeljoyeria.com\/wp-content\/uploads\/2022\/10\/0201131-1.jpg\" \/>\n\t<meta property=\"og:image:width\" content=\"1500\" \/>\n\t<meta property=\"og:image:height\" content=\"1500\" \/>\n\t<meta property=\"og:image:type\" content=\"image\/jpeg\" \/>\n<meta name=\"twitter:card\" content=\"summary_large_image\" \/>\n<script type=\"application\/ld+json\" class=\"yoast-schema-graph\">{\"@context\":\"https:\/\/schema.org\",\"@graph\":[{\"@type\":\"WebPage\",\"@id\":\"https:\/\/lubeljoyeria.com\/producto\/pendientes-cross\",\"url\":\"https:\/\/lubeljoyeria.com\/producto\/pendientes-cross\",\"name\":\"Pendientes Cross - Fabricados en Plata de 1\u00aa Ley 925 - Lubeljoyeria.com\",\"isPartOf\":{\"@id\":\"https:\/\/lubeljoyeria.com\/#website\"},\"primaryImageOfPage\":{\"@id\":\"https:\/\/lubeljoyeria.com\/producto\/pendientes-cross#primaryimage\"},\"image\":{\"@id\":\"https:\/\/lubeljoyeria.com\/producto\/pendientes-cross#primaryimage\"},\"thumbnailUrl\":\"https:\/\/lubeljoyeria.com\/wp-content\/uploads\/2022\/10\/0201131-1.jpg\",\"datePublished\":\"2022-10-17T16:09:52+00:00\",\"dateModified\":\"2022-12-19T17:50:24+00:00\",\"description\":\"Las circonitas del pendiente Cross le aportan luz y magia que hace de esta joya \u00fanica. Un aro con circonitas del que cuelga una cruz.\",\"breadcrumb\":{\"@id\":\"https:\/\/lubeljoyeria.com\/producto\/pendientes-cross#breadcrumb\"},\"inLanguage\":\"es\",\"potentialAction\":[{\"@type\":\"ReadAction\",\"target\":[\"https:\/\/lubeljoyeria.com\/producto\/pendientes-cross\"]}]},{\"@type\":\"ImageObject\",\"inLanguage\":\"es\",\"@id\":\"https:\/\/lubeljoyeria.com\/producto\/pendientes-cross#primaryimage\",\"url\":\"https:\/\/lubeljoyeria.com\/wp-content\/uploads\/2022\/10\/0201131-1.jpg\",\"contentUrl\":\"https:\/\/lubeljoyeria.com\/wp-content\/uploads\/2022\/10\/0201131-1.jpg\",\"width\":1500,\"height\":1500,\"caption\":\"Pendientes Cross, un aro repleto de circonitas y un charm en forma de cruz con circonitas. Fabricados en Plata de 1\u00aa Ley 925. www.lubeljoyeria.com\"},{\"@type\":\"BreadcrumbList\",\"@id\":\"https:\/\/lubeljoyeria.com\/producto\/pendientes-cross#breadcrumb\",\"itemListElement\":[{\"@type\":\"ListItem\",\"position\":1,\"name\":\"Home\",\"item\":\"https:\/\/lubeljoyeria.com\/\"},{\"@type\":\"ListItem\",\"position\":2,\"name\":\"Tienda\",\"item\":\"https:\/\/lubeljoyeria.com\/?page_id=6\"},{\"@type\":\"ListItem\",\"position\":3,\"name\":\"Pendientes Cross\"}]},{\"@type\":\"WebSite\",\"@id\":\"https:\/\/lubeljoyeria.com\/#website\",\"url\":\"https:\/\/lubeljoyeria.com\/\",\"name\":\"Lubel joyeria. Joyeria en Plata . Distribuidor oficial de Swarovski. - Lubel\",\"description\":\"Lubel joyeria. Joyeria en Plata . Distribuidor oficial de Swarovski. - Lubel\",\"publisher\":{\"@id\":\"https:\/\/lubeljoyeria.com\/#organization\"},\"potentialAction\":[{\"@type\":\"SearchAction\",\"target\":{\"@type\":\"EntryPoint\",\"urlTemplate\":\"https:\/\/lubeljoyeria.com\/?s={search_term_string}\"},\"query-input\":{\"@type\":\"PropertyValueSpecification\",\"valueRequired\":true,\"valueName\":\"search_term_string\"}}],\"inLanguage\":\"es\"},{\"@type\":\"Organization\",\"@id\":\"https:\/\/lubeljoyeria.com\/#organization\",\"name\":\"Lubel joyeria. Joyeria en Plata . Distribuidor oficial de Swarovski. - Lubel\",\"url\":\"https:\/\/lubeljoyeria.com\/\",\"logo\":{\"@type\":\"ImageObject\",\"inLanguage\":\"es\",\"@id\":\"https:\/\/lubeljoyeria.com\/#\/schema\/logo\/image\/\",\"url\":\"https:\/\/lubeljoyeria.com\/wp-content\/uploads\/2020\/10\/lubel-joyeria-logo-1543825573-1.png\",\"contentUrl\":\"https:\/\/lubeljoyeria.com\/wp-content\/uploads\/2020\/10\/lubel-joyeria-logo-1543825573-1.png\",\"width\":135,\"height\":31,\"caption\":\"Lubel joyeria. Joyeria en Plata . Distribuidor oficial de Swarovski. - Lubel\"},\"image\":{\"@id\":\"https:\/\/lubeljoyeria.com\/#\/schema\/logo\/image\/\"}}]}<\/script>\n<!-- \/ Yoast SEO Premium plugin. -->","yoast_head_json":{"title":"Pendientes Cross - Fabricados en Plata de 1\u00aa Ley 925 - Lubeljoyeria.com","description":"Las circonitas del pendiente Cross le aportan luz y magia que hace de esta joya \u00fanica. Un aro con circonitas del que cuelga una cruz.","robots":{"index":"index","follow":"follow","max-snippet":"max-snippet:-1","max-image-preview":"max-image-preview:large","max-video-preview":"max-video-preview:-1"},"canonical":"https:\/\/lubeljoyeria.com\/producto\/pendientes-cross","og_locale":"es_ES","og_type":"article","og_title":"Pendientes Cross","og_description":"Las circonitas del pendiente Cross le aportan luz y magia que hace de esta joya \u00fanica. Un aro con circonitas del que cuelga una cruz.","og_url":"https:\/\/lubeljoyeria.com\/producto\/pendientes-cross","og_site_name":"Lubel joyeria. Joyeria en Plata . Distribuidor oficial de Swarovski. - Lubel","article_modified_time":"2022-12-19T17:50:24+00:00","og_image":[{"width":1500,"height":1500,"url":"https:\/\/lubeljoyeria.com\/wp-content\/uploads\/2022\/10\/0201131-1.jpg","type":"image\/jpeg"}],"twitter_card":"summary_large_image","schema":{"@context":"https:\/\/schema.org","@graph":[{"@type":"WebPage","@id":"https:\/\/lubeljoyeria.com\/producto\/pendientes-cross","url":"https:\/\/lubeljoyeria.com\/producto\/pendientes-cross","name":"Pendientes Cross - Fabricados en Plata de 1\u00aa Ley 925 - Lubeljoyeria.com","isPartOf":{"@id":"https:\/\/lubeljoyeria.com\/#website"},"primaryImageOfPage":{"@id":"https:\/\/lubeljoyeria.com\/producto\/pendientes-cross#primaryimage"},"image":{"@id":"https:\/\/lubeljoyeria.com\/producto\/pendientes-cross#primaryimage"},"thumbnailUrl":"https:\/\/lubeljoyeria.com\/wp-content\/uploads\/2022\/10\/0201131-1.jpg","datePublished":"2022-10-17T16:09:52+00:00","dateModified":"2022-12-19T17:50:24+00:00","description":"Las circonitas del pendiente Cross le aportan luz y magia que hace de esta joya \u00fanica. Un aro con circonitas del que cuelga una cruz.","breadcrumb":{"@id":"https:\/\/lubeljoyeria.com\/producto\/pendientes-cross#breadcrumb"},"inLanguage":"es","potentialAction":[{"@type":"ReadAction","target":["https:\/\/lubeljoyeria.com\/producto\/pendientes-cross"]}]},{"@type":"ImageObject","inLanguage":"es","@id":"https:\/\/lubeljoyeria.com\/producto\/pendientes-cross#primaryimage","url":"https:\/\/lubeljoyeria.com\/wp-content\/uploads\/2022\/10\/0201131-1.jpg","contentUrl":"https:\/\/lubeljoyeria.com\/wp-content\/uploads\/2022\/10\/0201131-1.jpg","width":1500,"height":1500,"caption":"Pendientes Cross, un aro repleto de circonitas y un charm en forma de cruz con circonitas. Fabricados en Plata de 1\u00aa Ley 925. www.lubeljoyeria.com"},{"@type":"BreadcrumbList","@id":"https:\/\/lubeljoyeria.com\/producto\/pendientes-cross#breadcrumb","itemListElement":[{"@type":"ListItem","position":1,"name":"Home","item":"https:\/\/lubeljoyeria.com\/"},{"@type":"ListItem","position":2,"name":"Tienda","item":"https:\/\/lubeljoyeria.com\/?page_id=6"},{"@type":"ListItem","position":3,"name":"Pendientes Cross"}]},{"@type":"WebSite","@id":"https:\/\/lubeljoyeria.com\/#website","url":"https:\/\/lubeljoyeria.com\/","name":"Lubel joyeria. Joyeria en Plata . Distribuidor oficial de Swarovski. - Lubel","description":"Lubel joyeria. Joyeria en Plata . Distribuidor oficial de Swarovski. - Lubel","publisher":{"@id":"https:\/\/lubeljoyeria.com\/#organization"},"potentialAction":[{"@type":"SearchAction","target":{"@type":"EntryPoint","urlTemplate":"https:\/\/lubeljoyeria.com\/?s={search_term_string}"},"query-input":{"@type":"PropertyValueSpecification","valueRequired":true,"valueName":"search_term_string"}}],"inLanguage":"es"},{"@type":"Organization","@id":"https:\/\/lubeljoyeria.com\/#organization","name":"Lubel joyeria. Joyeria en Plata . Distribuidor oficial de Swarovski. - Lubel","url":"https:\/\/lubeljoyeria.com\/","logo":{"@type":"ImageObject","inLanguage":"es","@id":"https:\/\/lubeljoyeria.com\/#\/schema\/logo\/image\/","url":"https:\/\/lubeljoyeria.com\/wp-content\/uploads\/2020\/10\/lubel-joyeria-logo-1543825573-1.png","contentUrl":"https:\/\/lubeljoyeria.com\/wp-content\/uploads\/2020\/10\/lubel-joyeria-logo-1543825573-1.png","width":135,"height":31,"caption":"Lubel joyeria. Joyeria en Plata . Distribuidor oficial de Swarovski. - Lubel"},"image":{"@id":"https:\/\/lubeljoyeria.com\/#\/schema\/logo\/image\/"}}]}},"_links":{"self":[{"href":"https:\/\/lubeljoyeria.com\/index.php?rest_route=\/wp\/v2\/product\/23662","targetHints":{"allow":["GET"]}}],"collection":[{"href":"https:\/\/lubeljoyeria.com\/index.php?rest_route=\/wp\/v2\/product"}],"about":[{"href":"https:\/\/lubeljoyeria.com\/index.php?rest_route=\/wp\/v2\/types\/product"}],"wp:featuredmedia":[{"embeddable":true,"href":"https:\/\/lubeljoyeria.com\/index.php?rest_route=\/wp\/v2\/media\/23638"}],"wp:attachment":[{"href":"https:\/\/lubeljoyeria.com\/index.php?rest_route=%2Fwp%2Fv2%2Fmedia&parent=23662"}],"wp:term":[{"taxonomy":"product_brand","embeddable":true,"href":"https:\/\/lubeljoyeria.com\/index.php?rest_route=%2Fwp%2Fv2%2Fproduct_brand&post=23662"},{"taxonomy":"product_cat","embeddable":true,"href":"https:\/\/lubeljoyeria.com\/index.php?rest_route=%2Fwp%2Fv2%2Fproduct_cat&post=23662"},{"taxonomy":"product_tag","embeddable":true,"href":"https:\/\/lubeljoyeria.com\/index.php?rest_route=%2Fwp%2Fv2%2Fproduct_tag&post=23662"}],"curies":[{"name":"wp","href":"https:\/\/api.w.org\/{rel}","templated":true}]}}