{"id":20630,"date":"2020-12-14T09:37:05","date_gmt":"2020-12-14T09:37:05","guid":{"rendered":"https:\/\/lubeljoyeria.com\/?post_type=product&#038;p=20630"},"modified":"2024-07-06T09:57:17","modified_gmt":"2024-07-06T09:57:17","slug":"colgante-swarovski-sparkling-dance-2","status":"publish","type":"product","link":"https:\/\/lubeljoyeria.com\/?product=colgante-swarovski-sparkling-dance-2","title":{"rendered":"Colgante Swarovski, Sparkling Dance"},"content":{"rendered":"<p>Collar Swarovski, es un espect\u00e1culo de belleza atemporal. Un resplandeciente cristal facetad es el centro de atenci\u00f3n, con su movimiento en un c\u00edrculo de brillantes facetas. Resplandecientes piedras y cristales se superponen debajo de ella en tres formas de abanico, cada una de ellas con una brillante distribuci\u00f3n de piedras de talla redonda y talla baguette en forma de huso, as\u00ed como cristales redondos. La resplandeciente cadena tambi\u00e9n est\u00e1 adornada con brillantes piedras, e incorpora un cierre deslizante ajustable. Se trata de una pieza ideal para ocasiones especiales, sobre todo combinada con los pendientes a juego para crear un conjunto verdaderamente espectacular.<\/p>\n<ul id=\"product-details-classifications-ellipsis\" class=\"swa-product-details__drawer__specs\">\n<li>Largo: 80 cm.<\/li>\n<li>Colgante: 5.9&#215;4.4 cm.<\/li>\n<li>Material:\u00a0Ba\u00f1o de rodio<\/li>\n<\/ul>\n","protected":false},"excerpt":{"rendered":"<p>Collar Swarovski, es un espect\u00e1culo de belleza atemporal. Un resplandeciente cristal facetad es el centro de atenci\u00f3n, con su movimiento en un c\u00edrculo de brillantes facetas. Resplandecientes piedras y cristales se superponen debajo de ella en tres formas de abanico, cada una de ellas con una brillante distribuci\u00f3n de piedras de talla redonda y talla baguette en forma de huso, as\u00ed como cristales redondos. La resplandeciente cadena tambi\u00e9n est\u00e1 adornada con brillantes piedras, e incorpora un cierre deslizante ajustable. Se trata de una pieza ideal para ocasiones especiales, sobre todo combinada con los pendientes a juego para crear un conjunto verdaderamente espectacular.<\/p>\n<ul id=\"product-details-classifications-ellipsis\" class=\"swa-product-details__drawer__specs\">\n<li>Largo: 80 cm.<\/li>\n<li>Colgante: 5.9&#215;4.4 cm.<\/li>\n<li>Material:\u00a0Ba\u00f1o de rodio<\/li>\n<\/ul>\n","protected":false},"featured_media":20634,"template":"","meta":{"_joinchat":[]},"product_brand":[1437],"product_cat":[1463,1464,1470,1519,1482],"product_tag":[],"class_list":{"0":"post-20630","1":"product","2":"type-product","3":"status-publish","4":"has-post-thumbnail","6":"product_brand-swarovski","7":"product_cat-inicio","8":"product_cat-principal","9":"product_cat-swarovski","10":"product_cat-colgantes-swarovski","11":"product_cat-rebajas","12":"sales-flash-overlay","13":"woocommerce-text-align-center","14":"woocommerce-image-align-center","15":"do-quantity-buttons","16":"wc-has-gallery","18":"first","19":"instock","20":"sale","21":"taxable","22":"shipping-taxable","23":"purchasable","24":"product-type-simple"},"yoast_head":"<!-- This site is optimized with the Yoast SEO Premium plugin v22.5 (Yoast SEO v26.5) - https:\/\/yoast.com\/wordpress\/plugins\/seo\/ -->\n<title>Colgante Swarovski, Sparkling Dance - Ba\u00f1o de Rodio<\/title>\n<meta name=\"description\" content=\"Resplandecientes piedras y cristales se superponen debajo de ella en tres formas de abanico. Un collar que no dejar\u00e1 indiferente a nadie.\" \/>\n<meta name=\"robots\" content=\"index, follow, max-snippet:-1, max-image-preview:large, max-video-preview:-1\" \/>\n<link rel=\"canonical\" href=\"https:\/\/lubeljoyeria.com\/producto\/colgante-swarovski-sparkling-dance-2\" \/>\n<meta property=\"og:locale\" content=\"es_ES\" \/>\n<meta property=\"og:type\" content=\"article\" \/>\n<meta property=\"og:title\" content=\"Colgante Swarovski, Sparkling Dance\" \/>\n<meta property=\"og:description\" content=\"Resplandecientes piedras y cristales se superponen debajo de ella en tres formas de abanico. Un collar que no dejar\u00e1 indiferente a nadie.\" \/>\n<meta property=\"og:url\" content=\"https:\/\/lubeljoyeria.com\/producto\/colgante-swarovski-sparkling-dance-2\" \/>\n<meta property=\"og:site_name\" content=\"Lubel joyeria. Joyeria en Plata . Distribuidor oficial de Swarovski. - Lubel\" \/>\n<meta property=\"article:modified_time\" content=\"2024-07-06T09:57:17+00:00\" \/>\n<meta property=\"og:image\" content=\"https:\/\/lubeljoyeria.com\/wp-content\/uploads\/2020\/12\/collar-swarovski-sparkling-dance-dial-up-grande-blanco-bano-de-rodio-swarovski-5564432.jpg\" \/>\n\t<meta property=\"og:image:width\" content=\"1200\" \/>\n\t<meta property=\"og:image:height\" content=\"1200\" \/>\n\t<meta property=\"og:image:type\" content=\"image\/jpeg\" \/>\n<meta name=\"twitter:card\" content=\"summary_large_image\" \/>\n<meta name=\"twitter:label1\" content=\"Tiempo de lectura\" \/>\n\t<meta name=\"twitter:data1\" content=\"1 minuto\" \/>\n<script type=\"application\/ld+json\" class=\"yoast-schema-graph\">{\"@context\":\"https:\/\/schema.org\",\"@graph\":[{\"@type\":\"WebPage\",\"@id\":\"https:\/\/lubeljoyeria.com\/producto\/colgante-swarovski-sparkling-dance-2\",\"url\":\"https:\/\/lubeljoyeria.com\/producto\/colgante-swarovski-sparkling-dance-2\",\"name\":\"Colgante Swarovski, Sparkling Dance - Ba\u00f1o de Rodio\",\"isPartOf\":{\"@id\":\"https:\/\/lubeljoyeria.com\/#website\"},\"primaryImageOfPage\":{\"@id\":\"https:\/\/lubeljoyeria.com\/producto\/colgante-swarovski-sparkling-dance-2#primaryimage\"},\"image\":{\"@id\":\"https:\/\/lubeljoyeria.com\/producto\/colgante-swarovski-sparkling-dance-2#primaryimage\"},\"thumbnailUrl\":\"https:\/\/lubeljoyeria.com\/wp-content\/uploads\/2020\/12\/collar-swarovski-sparkling-dance-dial-up-grande-blanco-bano-de-rodio-swarovski-5564432.jpg\",\"datePublished\":\"2020-12-14T09:37:05+00:00\",\"dateModified\":\"2024-07-06T09:57:17+00:00\",\"description\":\"Resplandecientes piedras y cristales se superponen debajo de ella en tres formas de abanico. Un collar que no dejar\u00e1 indiferente a nadie.\",\"breadcrumb\":{\"@id\":\"https:\/\/lubeljoyeria.com\/producto\/colgante-swarovski-sparkling-dance-2#breadcrumb\"},\"inLanguage\":\"es\",\"potentialAction\":[{\"@type\":\"ReadAction\",\"target\":[\"https:\/\/lubeljoyeria.com\/producto\/colgante-swarovski-sparkling-dance-2\"]}]},{\"@type\":\"ImageObject\",\"inLanguage\":\"es\",\"@id\":\"https:\/\/lubeljoyeria.com\/producto\/colgante-swarovski-sparkling-dance-2#primaryimage\",\"url\":\"https:\/\/lubeljoyeria.com\/wp-content\/uploads\/2020\/12\/collar-swarovski-sparkling-dance-dial-up-grande-blanco-bano-de-rodio-swarovski-5564432.jpg\",\"contentUrl\":\"https:\/\/lubeljoyeria.com\/wp-content\/uploads\/2020\/12\/collar-swarovski-sparkling-dance-dial-up-grande-blanco-bano-de-rodio-swarovski-5564432.jpg\",\"width\":1200,\"height\":1200,\"caption\":\"Colgante Swarovski, Sparkling dance. Ba\u00f1o de rodio. 5564432. www.lubeljoyeria.com\"},{\"@type\":\"BreadcrumbList\",\"@id\":\"https:\/\/lubeljoyeria.com\/producto\/colgante-swarovski-sparkling-dance-2#breadcrumb\",\"itemListElement\":[{\"@type\":\"ListItem\",\"position\":1,\"name\":\"Home\",\"item\":\"https:\/\/lubeljoyeria.com\/\"},{\"@type\":\"ListItem\",\"position\":2,\"name\":\"Tienda\",\"item\":\"https:\/\/lubeljoyeria.com\/?page_id=6\"},{\"@type\":\"ListItem\",\"position\":3,\"name\":\"Colgante Swarovski, Sparkling Dance\"}]},{\"@type\":\"WebSite\",\"@id\":\"https:\/\/lubeljoyeria.com\/#website\",\"url\":\"https:\/\/lubeljoyeria.com\/\",\"name\":\"Lubel joyeria. Joyeria en Plata . Distribuidor oficial de Swarovski. - Lubel\",\"description\":\"Lubel joyeria. Joyeria en Plata . Distribuidor oficial de Swarovski. - Lubel\",\"publisher\":{\"@id\":\"https:\/\/lubeljoyeria.com\/#organization\"},\"potentialAction\":[{\"@type\":\"SearchAction\",\"target\":{\"@type\":\"EntryPoint\",\"urlTemplate\":\"https:\/\/lubeljoyeria.com\/?s={search_term_string}\"},\"query-input\":{\"@type\":\"PropertyValueSpecification\",\"valueRequired\":true,\"valueName\":\"search_term_string\"}}],\"inLanguage\":\"es\"},{\"@type\":\"Organization\",\"@id\":\"https:\/\/lubeljoyeria.com\/#organization\",\"name\":\"Lubel joyeria. Joyeria en Plata . Distribuidor oficial de Swarovski. - Lubel\",\"url\":\"https:\/\/lubeljoyeria.com\/\",\"logo\":{\"@type\":\"ImageObject\",\"inLanguage\":\"es\",\"@id\":\"https:\/\/lubeljoyeria.com\/#\/schema\/logo\/image\/\",\"url\":\"https:\/\/lubeljoyeria.com\/wp-content\/uploads\/2020\/10\/lubel-joyeria-logo-1543825573-1.png\",\"contentUrl\":\"https:\/\/lubeljoyeria.com\/wp-content\/uploads\/2020\/10\/lubel-joyeria-logo-1543825573-1.png\",\"width\":135,\"height\":31,\"caption\":\"Lubel joyeria. Joyeria en Plata . Distribuidor oficial de Swarovski. - Lubel\"},\"image\":{\"@id\":\"https:\/\/lubeljoyeria.com\/#\/schema\/logo\/image\/\"}}]}<\/script>\n<!-- \/ Yoast SEO Premium plugin. -->","yoast_head_json":{"title":"Colgante Swarovski, Sparkling Dance - Ba\u00f1o de Rodio","description":"Resplandecientes piedras y cristales se superponen debajo de ella en tres formas de abanico. Un collar que no dejar\u00e1 indiferente a nadie.","robots":{"index":"index","follow":"follow","max-snippet":"max-snippet:-1","max-image-preview":"max-image-preview:large","max-video-preview":"max-video-preview:-1"},"canonical":"https:\/\/lubeljoyeria.com\/producto\/colgante-swarovski-sparkling-dance-2","og_locale":"es_ES","og_type":"article","og_title":"Colgante Swarovski, Sparkling Dance","og_description":"Resplandecientes piedras y cristales se superponen debajo de ella en tres formas de abanico. Un collar que no dejar\u00e1 indiferente a nadie.","og_url":"https:\/\/lubeljoyeria.com\/producto\/colgante-swarovski-sparkling-dance-2","og_site_name":"Lubel joyeria. Joyeria en Plata . Distribuidor oficial de Swarovski. - Lubel","article_modified_time":"2024-07-06T09:57:17+00:00","og_image":[{"width":1200,"height":1200,"url":"https:\/\/lubeljoyeria.com\/wp-content\/uploads\/2020\/12\/collar-swarovski-sparkling-dance-dial-up-grande-blanco-bano-de-rodio-swarovski-5564432.jpg","type":"image\/jpeg"}],"twitter_card":"summary_large_image","twitter_misc":{"Tiempo de lectura":"1 minuto"},"schema":{"@context":"https:\/\/schema.org","@graph":[{"@type":"WebPage","@id":"https:\/\/lubeljoyeria.com\/producto\/colgante-swarovski-sparkling-dance-2","url":"https:\/\/lubeljoyeria.com\/producto\/colgante-swarovski-sparkling-dance-2","name":"Colgante Swarovski, Sparkling Dance - Ba\u00f1o de Rodio","isPartOf":{"@id":"https:\/\/lubeljoyeria.com\/#website"},"primaryImageOfPage":{"@id":"https:\/\/lubeljoyeria.com\/producto\/colgante-swarovski-sparkling-dance-2#primaryimage"},"image":{"@id":"https:\/\/lubeljoyeria.com\/producto\/colgante-swarovski-sparkling-dance-2#primaryimage"},"thumbnailUrl":"https:\/\/lubeljoyeria.com\/wp-content\/uploads\/2020\/12\/collar-swarovski-sparkling-dance-dial-up-grande-blanco-bano-de-rodio-swarovski-5564432.jpg","datePublished":"2020-12-14T09:37:05+00:00","dateModified":"2024-07-06T09:57:17+00:00","description":"Resplandecientes piedras y cristales se superponen debajo de ella en tres formas de abanico. Un collar que no dejar\u00e1 indiferente a nadie.","breadcrumb":{"@id":"https:\/\/lubeljoyeria.com\/producto\/colgante-swarovski-sparkling-dance-2#breadcrumb"},"inLanguage":"es","potentialAction":[{"@type":"ReadAction","target":["https:\/\/lubeljoyeria.com\/producto\/colgante-swarovski-sparkling-dance-2"]}]},{"@type":"ImageObject","inLanguage":"es","@id":"https:\/\/lubeljoyeria.com\/producto\/colgante-swarovski-sparkling-dance-2#primaryimage","url":"https:\/\/lubeljoyeria.com\/wp-content\/uploads\/2020\/12\/collar-swarovski-sparkling-dance-dial-up-grande-blanco-bano-de-rodio-swarovski-5564432.jpg","contentUrl":"https:\/\/lubeljoyeria.com\/wp-content\/uploads\/2020\/12\/collar-swarovski-sparkling-dance-dial-up-grande-blanco-bano-de-rodio-swarovski-5564432.jpg","width":1200,"height":1200,"caption":"Colgante Swarovski, Sparkling dance. Ba\u00f1o de rodio. 5564432. www.lubeljoyeria.com"},{"@type":"BreadcrumbList","@id":"https:\/\/lubeljoyeria.com\/producto\/colgante-swarovski-sparkling-dance-2#breadcrumb","itemListElement":[{"@type":"ListItem","position":1,"name":"Home","item":"https:\/\/lubeljoyeria.com\/"},{"@type":"ListItem","position":2,"name":"Tienda","item":"https:\/\/lubeljoyeria.com\/?page_id=6"},{"@type":"ListItem","position":3,"name":"Colgante Swarovski, Sparkling Dance"}]},{"@type":"WebSite","@id":"https:\/\/lubeljoyeria.com\/#website","url":"https:\/\/lubeljoyeria.com\/","name":"Lubel joyeria. Joyeria en Plata . Distribuidor oficial de Swarovski. - Lubel","description":"Lubel joyeria. Joyeria en Plata . Distribuidor oficial de Swarovski. - Lubel","publisher":{"@id":"https:\/\/lubeljoyeria.com\/#organization"},"potentialAction":[{"@type":"SearchAction","target":{"@type":"EntryPoint","urlTemplate":"https:\/\/lubeljoyeria.com\/?s={search_term_string}"},"query-input":{"@type":"PropertyValueSpecification","valueRequired":true,"valueName":"search_term_string"}}],"inLanguage":"es"},{"@type":"Organization","@id":"https:\/\/lubeljoyeria.com\/#organization","name":"Lubel joyeria. Joyeria en Plata . Distribuidor oficial de Swarovski. - Lubel","url":"https:\/\/lubeljoyeria.com\/","logo":{"@type":"ImageObject","inLanguage":"es","@id":"https:\/\/lubeljoyeria.com\/#\/schema\/logo\/image\/","url":"https:\/\/lubeljoyeria.com\/wp-content\/uploads\/2020\/10\/lubel-joyeria-logo-1543825573-1.png","contentUrl":"https:\/\/lubeljoyeria.com\/wp-content\/uploads\/2020\/10\/lubel-joyeria-logo-1543825573-1.png","width":135,"height":31,"caption":"Lubel joyeria. Joyeria en Plata . Distribuidor oficial de Swarovski. - Lubel"},"image":{"@id":"https:\/\/lubeljoyeria.com\/#\/schema\/logo\/image\/"}}]}},"_links":{"self":[{"href":"https:\/\/lubeljoyeria.com\/index.php?rest_route=\/wp\/v2\/product\/20630","targetHints":{"allow":["GET"]}}],"collection":[{"href":"https:\/\/lubeljoyeria.com\/index.php?rest_route=\/wp\/v2\/product"}],"about":[{"href":"https:\/\/lubeljoyeria.com\/index.php?rest_route=\/wp\/v2\/types\/product"}],"wp:featuredmedia":[{"embeddable":true,"href":"https:\/\/lubeljoyeria.com\/index.php?rest_route=\/wp\/v2\/media\/20634"}],"wp:attachment":[{"href":"https:\/\/lubeljoyeria.com\/index.php?rest_route=%2Fwp%2Fv2%2Fmedia&parent=20630"}],"wp:term":[{"taxonomy":"product_brand","embeddable":true,"href":"https:\/\/lubeljoyeria.com\/index.php?rest_route=%2Fwp%2Fv2%2Fproduct_brand&post=20630"},{"taxonomy":"product_cat","embeddable":true,"href":"https:\/\/lubeljoyeria.com\/index.php?rest_route=%2Fwp%2Fv2%2Fproduct_cat&post=20630"},{"taxonomy":"product_tag","embeddable":true,"href":"https:\/\/lubeljoyeria.com\/index.php?rest_route=%2Fwp%2Fv2%2Fproduct_tag&post=20630"}],"curies":[{"name":"wp","href":"https:\/\/api.w.org\/{rel}","templated":true}]}}