{"id":18592,"date":"2019-08-27T11:10:23","date_gmt":"2019-08-27T11:10:23","guid":{"rendered":"https:\/\/lubeljoyeria.com\/producto\/pulsera-swarovski-remix-feather-strand-negro"},"modified":"2022-11-16T12:18:44","modified_gmt":"2022-11-16T12:18:44","slug":"pulsera-swarovski-remix-feather-strand-negro","status":"publish","type":"product","link":"https:\/\/lubeljoyeria.com\/?product=pulsera-swarovski-remix-feather-strand-negro","title":{"rendered":"Pulsera Swarovski, Remix Feather Strand, Negro"},"content":{"rendered":"<p class=\"MsoNormal\" style=\"text-align: left;\" align=\"center\"><span style=\"font-size: 12pt; line-height: 107%; background: #FFFFFF;\">Cree sus propios accesorios para el d\u00eda y la noche con Swarovski Remix Collection. Utiliza un cierre magn\u00e9tico invisible que permite incorporar otras piezas Remix para crear looks personalizados una y otra vez. Un motivo de pluma domina este dise\u00f1o con ba\u00f1o en tono de oro rosa y brillantes cristales negros, mientras que los resplandecientes detalles transparentes a\u00f1aden elegancia y lujo. <\/span><\/p>\n<ul>\n<li><span style=\"font-family: Futura; color: #000000;\">Colecci\u00f3n: Swarovski Remix<\/span><\/li>\n<li><span style=\"font-family: Futura; color: #000000;\">Color: Negro<\/span><\/li>\n<li><span style=\"font-family: Futura; color: #000000;\">Tama\u00f1o: 18 cm.<\/span><\/li>\n<li><span style=\"font-family: Futura; color: #000000;\">Material:\u00a0Ba\u00f1o de oro rosa<\/span>&nbsp;<\/li>\n<\/ul>\n","protected":false},"excerpt":{"rendered":"<p>Cree sus propios accesorios para el d\u00eda y la noche con Swarovski Remix Collection. Utiliza un cierre magn\u00e9tico invisible que permite incorporar otras piezas Remix para crear looks personalizados una y otra vez. Un motivo de pluma domina este dise\u00f1o con ba\u00f1o en tono de oro rosa y brillantes cristales negros, mientras que los resplandecientes detalles transparentes a\u00f1aden elegancia y lujo.<\/p>\n<ul>\n<li>Colecci\u00f3n: Swarovski Remix<\/li>\n<li>Color: Negro<\/li>\n<li>Tama\u00f1o: 18 cm.<\/li>\n<li>Material:\u00a0Ba\u00f1o de oro rosa<\/li>\n<\/ul>\n","protected":false},"featured_media":18589,"template":"","meta":{"_joinchat":[]},"product_brand":[1437],"product_cat":[1463,1464,1470,1530,1466],"product_tag":[],"class_list":{"0":"post-18592","1":"product","2":"type-product","3":"status-publish","4":"has-post-thumbnail","6":"product_brand-swarovski","7":"product_cat-inicio","8":"product_cat-principal","9":"product_cat-swarovski","10":"product_cat-pulseras-swarovski","11":"product_cat-pulseras","12":"sales-flash-overlay","13":"woocommerce-text-align-center","14":"woocommerce-image-align-center","15":"do-quantity-buttons","16":"wc-has-gallery","18":"first","19":"instock","20":"taxable","21":"shipping-taxable","22":"purchasable","23":"product-type-simple"},"yoast_head":"<!-- This site is optimized with the Yoast SEO Premium plugin v22.5 (Yoast SEO v26.5) - https:\/\/yoast.com\/wordpress\/plugins\/seo\/ -->\n<title>Pulsera Swarovski, Remix Feather Strand, Negro | Lubeljoyeria.com<\/title>\n<meta name=\"description\" content=\"Pulsera Swarovski, de la colecci\u00f3n Remix Collection, con cierre magn\u00e9tico invisible. Formada por una pluma con cristales en tonos negros\" \/>\n<meta name=\"robots\" content=\"index, follow, max-snippet:-1, max-image-preview:large, max-video-preview:-1\" \/>\n<link rel=\"canonical\" href=\"https:\/\/lubeljoyeria.com\/producto\/pulsera-swarovski-remix-feather-strand-negro\" \/>\n<meta property=\"og:locale\" content=\"es_ES\" \/>\n<meta property=\"og:type\" content=\"article\" \/>\n<meta property=\"og:title\" content=\"Pulsera Swarovski, Remix Feather Strand, Negro\" \/>\n<meta property=\"og:description\" content=\"Pulsera Swarovski, de la colecci\u00f3n Remix Collection, con cierre magn\u00e9tico invisible. Formada por una pluma con cristales en tonos negros\" \/>\n<meta property=\"og:url\" content=\"https:\/\/lubeljoyeria.com\/producto\/pulsera-swarovski-remix-feather-strand-negro\" \/>\n<meta property=\"og:site_name\" content=\"Lubel joyeria. Joyeria en Plata . Distribuidor oficial de Swarovski. - Lubel\" \/>\n<meta property=\"article:modified_time\" content=\"2022-11-16T12:18:44+00:00\" \/>\n<meta property=\"og:image\" content=\"https:\/\/lubeljoyeria.com\/wp-content\/uploads\/2019\/08\/1835-Pulsera-Swarovski-Remix-Feather-Strand-con-bano-de-oro-rosa-y-cristales-negros.-5495340.-Lubeljoyeria.com.jpg\" \/>\n\t<meta property=\"og:image:width\" content=\"465\" \/>\n\t<meta property=\"og:image:height\" content=\"465\" \/>\n\t<meta property=\"og:image:type\" content=\"image\/jpeg\" \/>\n<meta name=\"twitter:card\" content=\"summary_large_image\" \/>\n<script type=\"application\/ld+json\" class=\"yoast-schema-graph\">{\"@context\":\"https:\/\/schema.org\",\"@graph\":[{\"@type\":\"WebPage\",\"@id\":\"https:\/\/lubeljoyeria.com\/producto\/pulsera-swarovski-remix-feather-strand-negro\",\"url\":\"https:\/\/lubeljoyeria.com\/producto\/pulsera-swarovski-remix-feather-strand-negro\",\"name\":\"Pulsera Swarovski, Remix Feather Strand, Negro | Lubeljoyeria.com\",\"isPartOf\":{\"@id\":\"https:\/\/lubeljoyeria.com\/#website\"},\"primaryImageOfPage\":{\"@id\":\"https:\/\/lubeljoyeria.com\/producto\/pulsera-swarovski-remix-feather-strand-negro#primaryimage\"},\"image\":{\"@id\":\"https:\/\/lubeljoyeria.com\/producto\/pulsera-swarovski-remix-feather-strand-negro#primaryimage\"},\"thumbnailUrl\":\"https:\/\/lubeljoyeria.com\/wp-content\/uploads\/2019\/08\/1835-Pulsera-Swarovski-Remix-Feather-Strand-con-bano-de-oro-rosa-y-cristales-negros.-5495340.-Lubeljoyeria.com.jpg\",\"datePublished\":\"2019-08-27T11:10:23+00:00\",\"dateModified\":\"2022-11-16T12:18:44+00:00\",\"description\":\"Pulsera Swarovski, de la colecci\u00f3n Remix Collection, con cierre magn\u00e9tico invisible. Formada por una pluma con cristales en tonos negros\",\"breadcrumb\":{\"@id\":\"https:\/\/lubeljoyeria.com\/producto\/pulsera-swarovski-remix-feather-strand-negro#breadcrumb\"},\"inLanguage\":\"es\",\"potentialAction\":[{\"@type\":\"ReadAction\",\"target\":[\"https:\/\/lubeljoyeria.com\/producto\/pulsera-swarovski-remix-feather-strand-negro\"]}]},{\"@type\":\"ImageObject\",\"inLanguage\":\"es\",\"@id\":\"https:\/\/lubeljoyeria.com\/producto\/pulsera-swarovski-remix-feather-strand-negro#primaryimage\",\"url\":\"https:\/\/lubeljoyeria.com\/wp-content\/uploads\/2019\/08\/1835-Pulsera-Swarovski-Remix-Feather-Strand-con-bano-de-oro-rosa-y-cristales-negros.-5495340.-Lubeljoyeria.com.jpg\",\"contentUrl\":\"https:\/\/lubeljoyeria.com\/wp-content\/uploads\/2019\/08\/1835-Pulsera-Swarovski-Remix-Feather-Strand-con-bano-de-oro-rosa-y-cristales-negros.-5495340.-Lubeljoyeria.com.jpg\",\"width\":465,\"height\":465,\"caption\":\"Pulsera Swarovski, Remix Feather Strand, con ba\u00f1o de oro rosa y cristales negros. 5495340. Lubeljoyeria.com\"},{\"@type\":\"BreadcrumbList\",\"@id\":\"https:\/\/lubeljoyeria.com\/producto\/pulsera-swarovski-remix-feather-strand-negro#breadcrumb\",\"itemListElement\":[{\"@type\":\"ListItem\",\"position\":1,\"name\":\"Home\",\"item\":\"https:\/\/lubeljoyeria.com\/\"},{\"@type\":\"ListItem\",\"position\":2,\"name\":\"Tienda\",\"item\":\"https:\/\/lubeljoyeria.com\/?page_id=6\"},{\"@type\":\"ListItem\",\"position\":3,\"name\":\"Pulsera Swarovski, Remix Feather Strand, Negro\"}]},{\"@type\":\"WebSite\",\"@id\":\"https:\/\/lubeljoyeria.com\/#website\",\"url\":\"https:\/\/lubeljoyeria.com\/\",\"name\":\"Lubel joyeria. Joyeria en Plata . Distribuidor oficial de Swarovski. - Lubel\",\"description\":\"Lubel joyeria. Joyeria en Plata . Distribuidor oficial de Swarovski. - Lubel\",\"publisher\":{\"@id\":\"https:\/\/lubeljoyeria.com\/#organization\"},\"potentialAction\":[{\"@type\":\"SearchAction\",\"target\":{\"@type\":\"EntryPoint\",\"urlTemplate\":\"https:\/\/lubeljoyeria.com\/?s={search_term_string}\"},\"query-input\":{\"@type\":\"PropertyValueSpecification\",\"valueRequired\":true,\"valueName\":\"search_term_string\"}}],\"inLanguage\":\"es\"},{\"@type\":\"Organization\",\"@id\":\"https:\/\/lubeljoyeria.com\/#organization\",\"name\":\"Lubel joyeria. Joyeria en Plata . Distribuidor oficial de Swarovski. - Lubel\",\"url\":\"https:\/\/lubeljoyeria.com\/\",\"logo\":{\"@type\":\"ImageObject\",\"inLanguage\":\"es\",\"@id\":\"https:\/\/lubeljoyeria.com\/#\/schema\/logo\/image\/\",\"url\":\"https:\/\/lubeljoyeria.com\/wp-content\/uploads\/2020\/10\/lubel-joyeria-logo-1543825573-1.png\",\"contentUrl\":\"https:\/\/lubeljoyeria.com\/wp-content\/uploads\/2020\/10\/lubel-joyeria-logo-1543825573-1.png\",\"width\":135,\"height\":31,\"caption\":\"Lubel joyeria. Joyeria en Plata . Distribuidor oficial de Swarovski. - Lubel\"},\"image\":{\"@id\":\"https:\/\/lubeljoyeria.com\/#\/schema\/logo\/image\/\"}}]}<\/script>\n<!-- \/ Yoast SEO Premium plugin. -->","yoast_head_json":{"title":"Pulsera Swarovski, Remix Feather Strand, Negro | Lubeljoyeria.com","description":"Pulsera Swarovski, de la colecci\u00f3n Remix Collection, con cierre magn\u00e9tico invisible. Formada por una pluma con cristales en tonos negros","robots":{"index":"index","follow":"follow","max-snippet":"max-snippet:-1","max-image-preview":"max-image-preview:large","max-video-preview":"max-video-preview:-1"},"canonical":"https:\/\/lubeljoyeria.com\/producto\/pulsera-swarovski-remix-feather-strand-negro","og_locale":"es_ES","og_type":"article","og_title":"Pulsera Swarovski, Remix Feather Strand, Negro","og_description":"Pulsera Swarovski, de la colecci\u00f3n Remix Collection, con cierre magn\u00e9tico invisible. Formada por una pluma con cristales en tonos negros","og_url":"https:\/\/lubeljoyeria.com\/producto\/pulsera-swarovski-remix-feather-strand-negro","og_site_name":"Lubel joyeria. Joyeria en Plata . Distribuidor oficial de Swarovski. - Lubel","article_modified_time":"2022-11-16T12:18:44+00:00","og_image":[{"width":465,"height":465,"url":"https:\/\/lubeljoyeria.com\/wp-content\/uploads\/2019\/08\/1835-Pulsera-Swarovski-Remix-Feather-Strand-con-bano-de-oro-rosa-y-cristales-negros.-5495340.-Lubeljoyeria.com.jpg","type":"image\/jpeg"}],"twitter_card":"summary_large_image","schema":{"@context":"https:\/\/schema.org","@graph":[{"@type":"WebPage","@id":"https:\/\/lubeljoyeria.com\/producto\/pulsera-swarovski-remix-feather-strand-negro","url":"https:\/\/lubeljoyeria.com\/producto\/pulsera-swarovski-remix-feather-strand-negro","name":"Pulsera Swarovski, Remix Feather Strand, Negro | Lubeljoyeria.com","isPartOf":{"@id":"https:\/\/lubeljoyeria.com\/#website"},"primaryImageOfPage":{"@id":"https:\/\/lubeljoyeria.com\/producto\/pulsera-swarovski-remix-feather-strand-negro#primaryimage"},"image":{"@id":"https:\/\/lubeljoyeria.com\/producto\/pulsera-swarovski-remix-feather-strand-negro#primaryimage"},"thumbnailUrl":"https:\/\/lubeljoyeria.com\/wp-content\/uploads\/2019\/08\/1835-Pulsera-Swarovski-Remix-Feather-Strand-con-bano-de-oro-rosa-y-cristales-negros.-5495340.-Lubeljoyeria.com.jpg","datePublished":"2019-08-27T11:10:23+00:00","dateModified":"2022-11-16T12:18:44+00:00","description":"Pulsera Swarovski, de la colecci\u00f3n Remix Collection, con cierre magn\u00e9tico invisible. Formada por una pluma con cristales en tonos negros","breadcrumb":{"@id":"https:\/\/lubeljoyeria.com\/producto\/pulsera-swarovski-remix-feather-strand-negro#breadcrumb"},"inLanguage":"es","potentialAction":[{"@type":"ReadAction","target":["https:\/\/lubeljoyeria.com\/producto\/pulsera-swarovski-remix-feather-strand-negro"]}]},{"@type":"ImageObject","inLanguage":"es","@id":"https:\/\/lubeljoyeria.com\/producto\/pulsera-swarovski-remix-feather-strand-negro#primaryimage","url":"https:\/\/lubeljoyeria.com\/wp-content\/uploads\/2019\/08\/1835-Pulsera-Swarovski-Remix-Feather-Strand-con-bano-de-oro-rosa-y-cristales-negros.-5495340.-Lubeljoyeria.com.jpg","contentUrl":"https:\/\/lubeljoyeria.com\/wp-content\/uploads\/2019\/08\/1835-Pulsera-Swarovski-Remix-Feather-Strand-con-bano-de-oro-rosa-y-cristales-negros.-5495340.-Lubeljoyeria.com.jpg","width":465,"height":465,"caption":"Pulsera Swarovski, Remix Feather Strand, con ba\u00f1o de oro rosa y cristales negros. 5495340. Lubeljoyeria.com"},{"@type":"BreadcrumbList","@id":"https:\/\/lubeljoyeria.com\/producto\/pulsera-swarovski-remix-feather-strand-negro#breadcrumb","itemListElement":[{"@type":"ListItem","position":1,"name":"Home","item":"https:\/\/lubeljoyeria.com\/"},{"@type":"ListItem","position":2,"name":"Tienda","item":"https:\/\/lubeljoyeria.com\/?page_id=6"},{"@type":"ListItem","position":3,"name":"Pulsera Swarovski, Remix Feather Strand, Negro"}]},{"@type":"WebSite","@id":"https:\/\/lubeljoyeria.com\/#website","url":"https:\/\/lubeljoyeria.com\/","name":"Lubel joyeria. Joyeria en Plata . Distribuidor oficial de Swarovski. - Lubel","description":"Lubel joyeria. Joyeria en Plata . Distribuidor oficial de Swarovski. - Lubel","publisher":{"@id":"https:\/\/lubeljoyeria.com\/#organization"},"potentialAction":[{"@type":"SearchAction","target":{"@type":"EntryPoint","urlTemplate":"https:\/\/lubeljoyeria.com\/?s={search_term_string}"},"query-input":{"@type":"PropertyValueSpecification","valueRequired":true,"valueName":"search_term_string"}}],"inLanguage":"es"},{"@type":"Organization","@id":"https:\/\/lubeljoyeria.com\/#organization","name":"Lubel joyeria. Joyeria en Plata . Distribuidor oficial de Swarovski. - Lubel","url":"https:\/\/lubeljoyeria.com\/","logo":{"@type":"ImageObject","inLanguage":"es","@id":"https:\/\/lubeljoyeria.com\/#\/schema\/logo\/image\/","url":"https:\/\/lubeljoyeria.com\/wp-content\/uploads\/2020\/10\/lubel-joyeria-logo-1543825573-1.png","contentUrl":"https:\/\/lubeljoyeria.com\/wp-content\/uploads\/2020\/10\/lubel-joyeria-logo-1543825573-1.png","width":135,"height":31,"caption":"Lubel joyeria. Joyeria en Plata . Distribuidor oficial de Swarovski. - Lubel"},"image":{"@id":"https:\/\/lubeljoyeria.com\/#\/schema\/logo\/image\/"}}]}},"_links":{"self":[{"href":"https:\/\/lubeljoyeria.com\/index.php?rest_route=\/wp\/v2\/product\/18592","targetHints":{"allow":["GET"]}}],"collection":[{"href":"https:\/\/lubeljoyeria.com\/index.php?rest_route=\/wp\/v2\/product"}],"about":[{"href":"https:\/\/lubeljoyeria.com\/index.php?rest_route=\/wp\/v2\/types\/product"}],"wp:featuredmedia":[{"embeddable":true,"href":"https:\/\/lubeljoyeria.com\/index.php?rest_route=\/wp\/v2\/media\/18589"}],"wp:attachment":[{"href":"https:\/\/lubeljoyeria.com\/index.php?rest_route=%2Fwp%2Fv2%2Fmedia&parent=18592"}],"wp:term":[{"taxonomy":"product_brand","embeddable":true,"href":"https:\/\/lubeljoyeria.com\/index.php?rest_route=%2Fwp%2Fv2%2Fproduct_brand&post=18592"},{"taxonomy":"product_cat","embeddable":true,"href":"https:\/\/lubeljoyeria.com\/index.php?rest_route=%2Fwp%2Fv2%2Fproduct_cat&post=18592"},{"taxonomy":"product_tag","embeddable":true,"href":"https:\/\/lubeljoyeria.com\/index.php?rest_route=%2Fwp%2Fv2%2Fproduct_tag&post=18592"}],"curies":[{"name":"wp","href":"https:\/\/api.w.org\/{rel}","templated":true}]}}